{"version":"1.0","provider_name":"D\u011btsk\u00fd T\u00e1bor \u010cern\u00fd Potok","provider_url":"https:\/\/www.taborcernypotok.cz\/detsky-tabor","author_name":"taborcernypotok","author_url":"https:\/\/www.taborcernypotok.cz\/detsky-tabor\/author\/taborcernypotok\/","title":"Zimn\u00ed t\u00e1bor o jarn\u00edch pr\u00e1zdnin\u00e1ch 2018 - D\u011btsk\u00fd T\u00e1bor \u010cern\u00fd Potok","type":"rich","width":600,"height":338,"html":"<blockquote class=\"wp-embedded-content\" data-secret=\"sicrmEfDS7\"><a href=\"https:\/\/www.taborcernypotok.cz\/detsky-tabor\/2018\/01\/10\/zimni-tabor-o-jarnich-prazdninach-2018\/\">Zimn\u00ed t\u00e1bor o jarn\u00edch pr\u00e1zdnin\u00e1ch 2018<\/a><\/blockquote><iframe sandbox=\"allow-scripts\" security=\"restricted\" src=\"https:\/\/www.taborcernypotok.cz\/detsky-tabor\/2018\/01\/10\/zimni-tabor-o-jarnich-prazdninach-2018\/embed\/#?secret=sicrmEfDS7\" width=\"600\" height=\"338\" title=\"&#8222;Zimn\u00ed t\u00e1bor o jarn\u00edch pr\u00e1zdnin\u00e1ch 2018&#8220; &#8212; D\u011btsk\u00fd T\u00e1bor \u010cern\u00fd Potok\" data-secret=\"sicrmEfDS7\" frameborder=\"0\" marginwidth=\"0\" marginheight=\"0\" scrolling=\"no\" class=\"wp-embedded-content\"><\/iframe><script type=\"text\/javascript\">\n\/* <![CDATA[ *\/\n\/*! This file is auto-generated *\/\n!function(d,l){\"use strict\";l.querySelector&&d.addEventListener&&\"undefined\"!=typeof URL&&(d.wp=d.wp||{},d.wp.receiveEmbedMessage||(d.wp.receiveEmbedMessage=function(e){var t=e.data;if((t||t.secret||t.message||t.value)&&!\/[^a-zA-Z0-9]\/.test(t.secret)){for(var s,r,n,a=l.querySelectorAll('iframe[data-secret=\"'+t.secret+'\"]'),o=l.querySelectorAll('blockquote[data-secret=\"'+t.secret+'\"]'),c=new RegExp(\"^https?:$\",\"i\"),i=0;i<o.length;i++)o[i].style.display=\"none\";for(i=0;i<a.length;i++)s=a[i],e.source===s.contentWindow&&(s.removeAttribute(\"style\"),\"height\"===t.message?(1e3<(r=parseInt(t.value,10))?r=1e3:~~r<200&&(r=200),s.height=r):\"link\"===t.message&&(r=new URL(s.getAttribute(\"src\")),n=new URL(t.value),c.test(n.protocol))&&n.host===r.host&&l.activeElement===s&&(d.top.location.href=t.value))}},d.addEventListener(\"message\",d.wp.receiveEmbedMessage,!1),l.addEventListener(\"DOMContentLoaded\",function(){for(var e,t,s=l.querySelectorAll(\"iframe.wp-embedded-content\"),r=0;r<s.length;r++)(t=(e=s[r]).getAttribute(\"data-secret\"))||(t=Math.random().toString(36).substring(2,12),e.src+=\"#?secret=\"+t,e.setAttribute(\"data-secret\",t)),e.contentWindow.postMessage({message:\"ready\",secret:t},\"*\")},!1)))}(window,document);\n\/\/# sourceURL=https:\/\/www.taborcernypotok.cz\/detsky-tabor\/wp-includes\/js\/wp-embed.min.js\n\/* ]]> *\/\n<\/script>\n","description":"P\u0159\u00e1tel\u00e9 \u2013 kamar\u00e1di, p\u0159ejeme v\u00e1m jen to dobr\u00e9 v\u00a0roce 2018. Ji\u017e 3.rok v\u00e1m nab\u00edz\u00edme zimn\u00ed t\u00e1bor, kter\u00fd ji\u017e tradi\u010dn\u011b uspo\u0159\u00e1d\u00e1me v\u00a0dob\u011b jarn\u00edch pr\u00e1zdnin, tj. v\u00a0term\u00ednu 4. &#8211; 9.3. 2018. Letos jsme pro d\u011bti p\u0159ipravili tajemn\u00fd dobrodru\u017en\u00fd p\u0159\u00edb\u011bh o ztracen\u00e9 expedici v\u00a0peru\u00e1nsk\u00fdch And\u00e1ch. Bli\u017e\u0161\u00ed informace naleznete zde\u00a0\u00bb"}

Dětský Tábor Černý Potok

Zimní tábor o jarních prázdninách 2018 - Dětský Tábor Černý Potok

<blockquote class="wp-embedded-content" data-secret="sicrmEfDS7"><a href="https://www.taborcernypotok.cz/detsky-tabor/2018/01/10/zimni-tabor-o-jarnich-prazdninach-2018/">Zimní tábor o jarních prázdninách 2018</a></blockquote><iframe sandbox="allow-scripts" security="restricted" src="https://www.taborcernypotok.cz/detsky-tabor/2018/01/10/zimni-tabor-o-jarnich-prazdninach-2018/embed/#?secret=sicrmEfDS7" width="600" height="338" title="&#8222;Zimní tábor o jarních prázdninách 2018&#8220; &#8212; Dětský Tábor Černý Potok" data-secret="sicrmEfDS7" frameborder="0" marginwidth="0" marginheight="0" scrolling="no" class="wp-embedded-content"></iframe><script type="text/javascript">
/* <![CDATA[ */
/*! This file is auto-generated */
!function(d,l){"use strict";l.querySelector&&d.addEventListener&&"undefined"!=typeof URL&&(d.wp=d.wp||{},d.wp.receiveEmbedMessage||(d.wp.receiveEmbedMessage=function(e){var t=e.data;if((t||t.secret||t.message||t.value)&&!/[^a-zA-Z0-9]/.test(t.secret)){for(var s,r,n,a=l.querySelectorAll('iframe[data-secret="'+t.secret+'"]'),o=l.querySelectorAll('blockquote[data-secret="'+t.secret+'"]'),c=new RegExp("^https?:$","i"),i=0;i<o.length;i++)o[i].style.display="none";for(i=0;i<a.length;i++)s=a[i],e.source===s.contentWindow&&(s.removeAttribute("style"),"height"===t.message?(1e3<(r=parseInt(t.value,10))?r=1e3:~~r<200&&(r=200),s.height=r):"link"===t.message&&(r=new URL(s.getAttribute("src")),n=new URL(t.value),c.test(n.protocol))&&n.host===r.host&&l.activeElement===s&&(d.top.location.href=t.value))}},d.addEventListener("message",d.wp.receiveEmbedMessage,!1),l.addEventListener("DOMContentLoaded",function(){for(var e,t,s=l.querySelectorAll("iframe.wp-embedded-content"),r=0;r<s.length;r++)(t=(e=s[r]).getAttribute("data-secret"))||(t=Math.random().toString(36).substring(2,12),e.src+="#?secret="+t,e.setAttribute("data-secret",t)),e.contentWindow.postMessage({message:"ready",secret:t},"*")},!1)))}(window,document);
//# sourceURL=https://www.taborcernypotok.cz/detsky-tabor/wp-includes/js/wp-embed.min.js
/* ]]> */
</script>

Přátelé – kamarádi, přejeme vám jen to dobré v roce 2018. Již 3.rok vám nabízíme zimní tábor, který již tradičně uspořádáme v době jarních prázdnin, tj. v termínu 4. &#8211; 9.3. 2018. Letos jsme pro děti připravili tajemný dobrodružný příběh o ztracené expedici v peruánských Andách. Bližší informace naleznete zde »
