{"id":1798,"date":"2019-02-23T22:37:01","date_gmt":"2019-02-23T21:37:01","guid":{"rendered":"https:\/\/www.taborcernypotok.cz\/detsky-tabor\/?page_id=1798"},"modified":"2025-05-26T20:38:01","modified_gmt":"2025-05-26T19:38:01","slug":"2019-indianske-leto","status":"publish","type":"page","link":"https:\/\/www.taborcernypotok.cz\/detsky-tabor\/letni-tabor\/archiv-letnich-taboru\/2019-indianske-leto\/","title":{"rendered":"2019 Indi\u00e1nsk\u00e9 l\u00e9to"},"content":{"rendered":"<div class=\"page-header\">\n<h1>Indi\u00e1nsk\u00e9 l\u00e9to<\/h1>\n<\/div>\n<p>5. turnus | 7 dn\u00ed | 11. &#8211; 17.8. 2019 | 6-8 let<\/p>\n<p style=\"text-align: justify;\">P\u0159ekr\u00e1sn\u00e1 zem\u011b pod divok\u00fdmi horami je ji\u017e po mnoho let m\u00edstem, kde se rozkl\u00e1d\u00e1 malebn\u00e1 indi\u00e1nsk\u00e1 vesnice. Indi\u00e1nsk\u00e9 kmeny \u017eij\u00edc\u00ed v \u00fadol\u00ed \u010cern\u00e9ho potoka spolu vych\u00e1zej\u00ed v m\u00edru a dodr\u017euj\u00ed prastar\u00e9 zvyky sv\u00fdch otc\u016f. Vynikaj\u00ed odvahou lovc\u016f a bojovn\u00edk\u016f a z\u00e1rove\u0148 \u00factou k p\u0159\u00edrod\u011b a tvor\u016fm, kter\u00e9 ji ob\u00fdvaj\u00ed. B\u011bhem sv\u00e1tku vracej\u00edc\u00edho se Slunce se v\u0161ak do \u00fadol\u00ed p\u0159i\u017eene banda b\u00edl\u00fdch mu\u017e\u016f, kte\u0159\u00ed hledaj\u00ed b\u00e1jn\u00fd poklad indi\u00e1nsk\u00e9ho n\u00e1\u010deln\u00edka Velk\u00e9ho Orla. A nezastav\u00ed se p\u0159ed ni\u010d\u00edm \u2013 touha po zlat\u011b je spaluj\u00edc\u00ed.<\/p>\n<p style=\"text-align: justify;\">Indi\u00e1nsk\u00e9 kmeny mus\u00ed prok\u00e1zat, \u017ee dovedou svoji zemi p\u0159ed touto hrozbou uchr\u00e1nit\u2026. Tento turnus je p\u0159ipraven speci\u00e1ln\u011b pro d\u011bti z\u00a01. a 2.t\u0159\u00edd, kter\u00e9 cht\u011bj\u00ed poznat indi\u00e1nsk\u00e9 zvyky,dovednosti a nau\u010dit se l\u00e1sce k\u00a0p\u0159\u00edrod\u011b.<\/p>\n<table style=\"width: 100%;\">\n<tbody>\n<tr>\n<td><\/td>\n<\/tr>\n<\/tbody>\n<\/table>\n<p><strong>V\u011bkov\u00e1 kategorie:<\/strong> 6-8 let ho\u0161i i d\u00edvky<br \/>\n<strong>M\u00edsto:<\/strong> T\u00e1bor \u010cern\u00fd Potok Velk\u00e1 Kra\u0161 u Vidnavy<br \/>\n<strong>Ubytov\u00e1n\u00ed:<\/strong> d\u0159ev\u011bn\u00e9 chatky<br \/>\n<strong>Stravov\u00e1n\u00ed:<\/strong> 5x denn\u011b<br \/>\n<strong>Zdravotn\u00ed dozor:<\/strong> delegovan\u00fd l\u00e9ka\u0159 nebo zdravotn\u00ed pracovn\u00edk<br \/>\n<strong>Garant:<\/strong> Mgr. Roman Lipavsk\u00fd<br \/>\n<strong>Cena v\u010detn\u011b dopravy busem ze \u0160umperka:<\/strong> 3390,- K\u010d<br \/>\n<strong>Dohled vykon\u00e1vaj\u00ed \u0161kolen\u00ed instrukto\u0159i, tren\u00e9\u0159i a pedagogi\u010dt\u00ed pracovn\u00edci<\/strong><\/p>\n","protected":false},"excerpt":{"rendered":"<p>Indi\u00e1nsk\u00e9 l\u00e9to 5. turnus | 7 dn\u00ed | 11. &#8211; 17.8. 2019 | 6-8 let P\u0159ekr\u00e1sn\u00e1 zem\u011b pod divok\u00fdmi horami je ji\u017e po mnoho let m\u00edstem, kde se rozkl\u00e1d\u00e1 malebn\u00e1 indi\u00e1nsk\u00e1 vesnice. Indi\u00e1nsk\u00e9 kmeny \u017eij\u00edc\u00ed v \u00fadol\u00ed \u010cern\u00e9ho potoka spolu vych\u00e1zej\u00ed v m\u00edru a dodr\u017euj\u00ed prastar\u00e9 zvyky sv\u00fdch otc\u016f. Vynikaj\u00ed odvahou lovc\u016f a bojovn\u00edk\u016f a\u2026<\/p>\n","protected":false},"author":1,"featured_media":0,"parent":59,"menu_order":0,"comment_status":"closed","ping_status":"closed","template":"","meta":{"footnotes":""},"class_list":["post-1798","page","type-page","status-publish","hentry"],"yoast_head":"<!-- This site is optimized with the Yoast SEO plugin v26.5 - https:\/\/yoast.com\/wordpress\/plugins\/seo\/ -->\n<title>2019 Indi\u00e1nsk\u00e9 l\u00e9to - D\u011btsk\u00fd T\u00e1bor \u010cern\u00fd Potok<\/title>\n<meta name=\"robots\" content=\"index, follow, max-snippet:-1, max-image-preview:large, max-video-preview:-1\" \/>\n<link rel=\"canonical\" href=\"https:\/\/www.taborcernypotok.cz\/detsky-tabor\/letni-tabor\/archiv-letnich-taboru\/2019-indianske-leto\/\" \/>\n<meta property=\"og:locale\" content=\"cs_CZ\" \/>\n<meta property=\"og:type\" content=\"article\" \/>\n<meta property=\"og:title\" content=\"2019 Indi\u00e1nsk\u00e9 l\u00e9to - D\u011btsk\u00fd T\u00e1bor \u010cern\u00fd Potok\" \/>\n<meta property=\"og:description\" content=\"Indi\u00e1nsk\u00e9 l\u00e9to 5. turnus | 7 dn\u00ed | 11. &#8211; 17.8. 2019 | 6-8 let P\u0159ekr\u00e1sn\u00e1 zem\u011b pod divok\u00fdmi horami je ji\u017e po mnoho let m\u00edstem, kde se rozkl\u00e1d\u00e1 malebn\u00e1 indi\u00e1nsk\u00e1 vesnice. Indi\u00e1nsk\u00e9 kmeny \u017eij\u00edc\u00ed v \u00fadol\u00ed \u010cern\u00e9ho potoka spolu vych\u00e1zej\u00ed v m\u00edru a dodr\u017euj\u00ed prastar\u00e9 zvyky sv\u00fdch otc\u016f. Vynikaj\u00ed odvahou lovc\u016f a bojovn\u00edk\u016f a\u2026\" \/>\n<meta property=\"og:url\" content=\"https:\/\/www.taborcernypotok.cz\/detsky-tabor\/letni-tabor\/archiv-letnich-taboru\/2019-indianske-leto\/\" \/>\n<meta property=\"og:site_name\" content=\"D\u011btsk\u00fd T\u00e1bor \u010cern\u00fd Potok\" \/>\n<meta property=\"article:modified_time\" content=\"2025-05-26T19:38:01+00:00\" \/>\n<meta name=\"twitter:card\" content=\"summary_large_image\" \/>\n<meta name=\"twitter:label1\" content=\"Odhadovan\u00e1 doba \u010dten\u00ed\" \/>\n\t<meta name=\"twitter:data1\" content=\"2 minuty\" \/>\n<script type=\"application\/ld+json\" class=\"yoast-schema-graph\">{\"@context\":\"https:\/\/schema.org\",\"@graph\":[{\"@type\":\"WebPage\",\"@id\":\"https:\/\/www.taborcernypotok.cz\/detsky-tabor\/letni-tabor\/archiv-letnich-taboru\/2019-indianske-leto\/\",\"url\":\"https:\/\/www.taborcernypotok.cz\/detsky-tabor\/letni-tabor\/archiv-letnich-taboru\/2019-indianske-leto\/\",\"name\":\"2019 Indi\u00e1nsk\u00e9 l\u00e9to - D\u011btsk\u00fd T\u00e1bor \u010cern\u00fd Potok\",\"isPartOf\":{\"@id\":\"https:\/\/www.taborcernypotok.cz\/detsky-tabor\/#website\"},\"datePublished\":\"2019-02-23T21:37:01+00:00\",\"dateModified\":\"2025-05-26T19:38:01+00:00\",\"breadcrumb\":{\"@id\":\"https:\/\/www.taborcernypotok.cz\/detsky-tabor\/letni-tabor\/archiv-letnich-taboru\/2019-indianske-leto\/#breadcrumb\"},\"inLanguage\":\"cs\",\"potentialAction\":[{\"@type\":\"ReadAction\",\"target\":[\"https:\/\/www.taborcernypotok.cz\/detsky-tabor\/letni-tabor\/archiv-letnich-taboru\/2019-indianske-leto\/\"]}]},{\"@type\":\"BreadcrumbList\",\"@id\":\"https:\/\/www.taborcernypotok.cz\/detsky-tabor\/letni-tabor\/archiv-letnich-taboru\/2019-indianske-leto\/#breadcrumb\",\"itemListElement\":[{\"@type\":\"ListItem\",\"position\":1,\"name\":\"Dom\u016f\",\"item\":\"https:\/\/www.taborcernypotok.cz\/detsky-tabor\/\"},{\"@type\":\"ListItem\",\"position\":2,\"name\":\"Letn\u00ed t\u00e1bor\",\"item\":\"https:\/\/www.taborcernypotok.cz\/detsky-tabor\/letni-tabor\/\"},{\"@type\":\"ListItem\",\"position\":3,\"name\":\"Archiv letn\u00edch t\u00e1bor\u016f\",\"item\":\"https:\/\/www.taborcernypotok.cz\/detsky-tabor\/letni-tabor\/archiv-letnich-taboru\/\"},{\"@type\":\"ListItem\",\"position\":4,\"name\":\"2019 Indi\u00e1nsk\u00e9 l\u00e9to\"}]},{\"@type\":\"WebSite\",\"@id\":\"https:\/\/www.taborcernypotok.cz\/detsky-tabor\/#website\",\"url\":\"https:\/\/www.taborcernypotok.cz\/detsky-tabor\/\",\"name\":\"D\u011btsk\u00fd T\u00e1bor \u010cern\u00fd Potok\",\"description\":\"D\u011btsk\u00e9 t\u00e1bory Rychlebsk\u00e9 Hory\",\"potentialAction\":[{\"@type\":\"SearchAction\",\"target\":{\"@type\":\"EntryPoint\",\"urlTemplate\":\"https:\/\/www.taborcernypotok.cz\/detsky-tabor\/?s={search_term_string}\"},\"query-input\":{\"@type\":\"PropertyValueSpecification\",\"valueRequired\":true,\"valueName\":\"search_term_string\"}}],\"inLanguage\":\"cs\"}]}<\/script>\n<!-- \/ Yoast SEO plugin. -->","yoast_head_json":{"title":"2019 Indi\u00e1nsk\u00e9 l\u00e9to - D\u011btsk\u00fd T\u00e1bor \u010cern\u00fd Potok","robots":{"index":"index","follow":"follow","max-snippet":"max-snippet:-1","max-image-preview":"max-image-preview:large","max-video-preview":"max-video-preview:-1"},"canonical":"https:\/\/www.taborcernypotok.cz\/detsky-tabor\/letni-tabor\/archiv-letnich-taboru\/2019-indianske-leto\/","og_locale":"cs_CZ","og_type":"article","og_title":"2019 Indi\u00e1nsk\u00e9 l\u00e9to - D\u011btsk\u00fd T\u00e1bor \u010cern\u00fd Potok","og_description":"Indi\u00e1nsk\u00e9 l\u00e9to 5. turnus | 7 dn\u00ed | 11. &#8211; 17.8. 2019 | 6-8 let P\u0159ekr\u00e1sn\u00e1 zem\u011b pod divok\u00fdmi horami je ji\u017e po mnoho let m\u00edstem, kde se rozkl\u00e1d\u00e1 malebn\u00e1 indi\u00e1nsk\u00e1 vesnice. Indi\u00e1nsk\u00e9 kmeny \u017eij\u00edc\u00ed v \u00fadol\u00ed \u010cern\u00e9ho potoka spolu vych\u00e1zej\u00ed v m\u00edru a dodr\u017euj\u00ed prastar\u00e9 zvyky sv\u00fdch otc\u016f. Vynikaj\u00ed odvahou lovc\u016f a bojovn\u00edk\u016f a\u2026","og_url":"https:\/\/www.taborcernypotok.cz\/detsky-tabor\/letni-tabor\/archiv-letnich-taboru\/2019-indianske-leto\/","og_site_name":"D\u011btsk\u00fd T\u00e1bor \u010cern\u00fd Potok","article_modified_time":"2025-05-26T19:38:01+00:00","twitter_card":"summary_large_image","twitter_misc":{"Odhadovan\u00e1 doba \u010dten\u00ed":"2 minuty"},"schema":{"@context":"https:\/\/schema.org","@graph":[{"@type":"WebPage","@id":"https:\/\/www.taborcernypotok.cz\/detsky-tabor\/letni-tabor\/archiv-letnich-taboru\/2019-indianske-leto\/","url":"https:\/\/www.taborcernypotok.cz\/detsky-tabor\/letni-tabor\/archiv-letnich-taboru\/2019-indianske-leto\/","name":"2019 Indi\u00e1nsk\u00e9 l\u00e9to - D\u011btsk\u00fd T\u00e1bor \u010cern\u00fd Potok","isPartOf":{"@id":"https:\/\/www.taborcernypotok.cz\/detsky-tabor\/#website"},"datePublished":"2019-02-23T21:37:01+00:00","dateModified":"2025-05-26T19:38:01+00:00","breadcrumb":{"@id":"https:\/\/www.taborcernypotok.cz\/detsky-tabor\/letni-tabor\/archiv-letnich-taboru\/2019-indianske-leto\/#breadcrumb"},"inLanguage":"cs","potentialAction":[{"@type":"ReadAction","target":["https:\/\/www.taborcernypotok.cz\/detsky-tabor\/letni-tabor\/archiv-letnich-taboru\/2019-indianske-leto\/"]}]},{"@type":"BreadcrumbList","@id":"https:\/\/www.taborcernypotok.cz\/detsky-tabor\/letni-tabor\/archiv-letnich-taboru\/2019-indianske-leto\/#breadcrumb","itemListElement":[{"@type":"ListItem","position":1,"name":"Dom\u016f","item":"https:\/\/www.taborcernypotok.cz\/detsky-tabor\/"},{"@type":"ListItem","position":2,"name":"Letn\u00ed t\u00e1bor","item":"https:\/\/www.taborcernypotok.cz\/detsky-tabor\/letni-tabor\/"},{"@type":"ListItem","position":3,"name":"Archiv letn\u00edch t\u00e1bor\u016f","item":"https:\/\/www.taborcernypotok.cz\/detsky-tabor\/letni-tabor\/archiv-letnich-taboru\/"},{"@type":"ListItem","position":4,"name":"2019 Indi\u00e1nsk\u00e9 l\u00e9to"}]},{"@type":"WebSite","@id":"https:\/\/www.taborcernypotok.cz\/detsky-tabor\/#website","url":"https:\/\/www.taborcernypotok.cz\/detsky-tabor\/","name":"D\u011btsk\u00fd T\u00e1bor \u010cern\u00fd Potok","description":"D\u011btsk\u00e9 t\u00e1bory Rychlebsk\u00e9 Hory","potentialAction":[{"@type":"SearchAction","target":{"@type":"EntryPoint","urlTemplate":"https:\/\/www.taborcernypotok.cz\/detsky-tabor\/?s={search_term_string}"},"query-input":{"@type":"PropertyValueSpecification","valueRequired":true,"valueName":"search_term_string"}}],"inLanguage":"cs"}]}},"_links":{"self":[{"href":"https:\/\/www.taborcernypotok.cz\/detsky-tabor\/wp-json\/wp\/v2\/pages\/1798","targetHints":{"allow":["GET"]}}],"collection":[{"href":"https:\/\/www.taborcernypotok.cz\/detsky-tabor\/wp-json\/wp\/v2\/pages"}],"about":[{"href":"https:\/\/www.taborcernypotok.cz\/detsky-tabor\/wp-json\/wp\/v2\/types\/page"}],"author":[{"embeddable":true,"href":"https:\/\/www.taborcernypotok.cz\/detsky-tabor\/wp-json\/wp\/v2\/users\/1"}],"replies":[{"embeddable":true,"href":"https:\/\/www.taborcernypotok.cz\/detsky-tabor\/wp-json\/wp\/v2\/comments?post=1798"}],"version-history":[{"count":4,"href":"https:\/\/www.taborcernypotok.cz\/detsky-tabor\/wp-json\/wp\/v2\/pages\/1798\/revisions"}],"predecessor-version":[{"id":11997,"href":"https:\/\/www.taborcernypotok.cz\/detsky-tabor\/wp-json\/wp\/v2\/pages\/1798\/revisions\/11997"}],"up":[{"embeddable":true,"href":"https:\/\/www.taborcernypotok.cz\/detsky-tabor\/wp-json\/wp\/v2\/pages\/59"}],"wp:attachment":[{"href":"https:\/\/www.taborcernypotok.cz\/detsky-tabor\/wp-json\/wp\/v2\/media?parent=1798"}],"curies":[{"name":"wp","href":"https:\/\/api.w.org\/{rel}","templated":true}]}}