{"id":2698,"date":"2019-03-26T21:31:56","date_gmt":"2019-03-26T20:31:56","guid":{"rendered":"https:\/\/www.taborcernypotok.cz\/detsky-tabor\/?page_id=2698"},"modified":"2026-02-18T15:58:20","modified_gmt":"2026-02-18T14:58:20","slug":"3-instruktorska-vikendovka","status":"publish","type":"page","link":"https:\/\/www.taborcernypotok.cz\/detsky-tabor\/pro-instruktory\/3-instruktorska-vikendovka\/","title":{"rendered":"3. instruktorsk\u00e1 v\u00edkendovka 2026"},"content":{"rendered":"<div class=\"page-header\">\n<h1>T\u0159et\u00ed instruktorsk\u00e1 v\u00edkendovka pro uchaze\u010de o pr\u00e1ci na letn\u00edch t\u00e1borech \u010cern\u00fd Potok 2026<\/h1>\n<\/div>\n<p>P\u0159\u00e1tel\u00e9 &#8211; kamar\u00e1di.<br \/>\nKv\u011bten ozdob\u00edme tradi\u010dn\u00ed stmelovac\u00ed, \u0161kol\u00edc\u00ed a informa\u010dn\u00ed v\u00edkendovkou.<\/p>\n<p><strong>Pro koho:<\/strong> sou\u010dasn\u00e9 instruktory a nov\u00e9 uchaze\u010de, kte\u0159\u00ed maj\u00ed z\u00e1jem se v leto\u0161n\u00edm roce aktivn\u011b pod\u00edlet na akc\u00edch Letn\u00edch sport\u016f, z.s.<\/p>\n<p><strong>O \u010dem to bude: <\/strong>instruktory sezn\u00e1m\u00edme s posledn\u00ed verz\u00ed na\u0161ich pl\u00e1n\u016f na rok 2026. \u00a0T\u0159et\u00ed v\u00edkendovka je ide\u00e1ln\u00ed p\u0159\u00edle\u017eitost\u00ed pro zahr\u00e1n\u00ed si nov\u00fdch her, sezn\u00e1men\u00ed nov\u00fdch uchaze\u010d\u016f se st\u00e1vaj\u00edc\u00edmi instruktory, vytvo\u0159en\u00ed t\u00fdm\u016f na \u0161koln\u00ed v\u00fdlety a t\u00e1bory a celkov\u00e9 stmelen\u00ed kolektivu. A samoz\u0159ejm\u011b tak\u00e9 spousty legrace a z\u00e1bavy. A letos i jedna mal\u00e1 oslava.<\/p>\n<p><strong>M\u00edsto:<\/strong> t\u00e1bor \u010cern\u00fd Potok, Velk\u00e1 Kra\u0161 456, 790 58.<br \/>\n<strong>Kdy:<\/strong> p\u00e1tek a\u017e ned\u011ble<strong> 15. &#8211; 17. kv\u011btna 2026<\/strong>.<br \/>\n<strong>Cena:<\/strong> 600,- K\u010d (ubytov\u00e1n\u00ed a strava).<br \/>\n<strong> P\u0159ihl\u00e1\u0161ky:<\/strong> za\u0161lete mi e-mail na <a href=\"mailto:romanlipavsky@seznam.cz\">romanlipavsky@seznam.cz<\/a> , s t\u011bmito \u00fadaji: jm\u00e9no a p\u0159\u00edjmen\u00ed, datum narozen\u00ed a \u0161kolu nebo zam\u011bstn\u00e1n\u00ed, kde p\u016fsob\u00edte.<br \/>\nObratem od n\u00e1s obdr\u017e\u00edte variabiln\u00ed symbol pro platbu. Svoji p\u0159ihl\u00e1\u0161ku z\u00e1vazn\u011b potvrd\u00edte zasl\u00e1n\u00edm \u010d\u00e1stky 600 K\u010d na \u00fa\u010det Letn\u00edch sport\u016f.<\/p>\n<p><strong>Podklady k\u00a0platb\u011b:<\/strong> \u00fa\u010det Letn\u00edch sport\u016f <span style=\"font-size: 14pt;\"><strong>43-8832630247\/0100<\/strong><\/span>, a to nejpozd\u011bji do<span style=\"font-size: 14pt;\"><strong> 8.5. 2026<\/strong><\/span>.<\/p>\n<p><strong>P\u0159\u00edjezd:<\/strong> p\u00e1tek 15.5. 2026 17:30 -18:00<br \/>\n<strong> Odjezd:<\/strong> ned\u011ble 17. 5. 2026 dopoledne<br \/>\n<strong>Doprava:<\/strong> vlastn\u00ed<br \/>\n<strong>Co s sebou:<\/strong> vhodn\u00e9 oble\u010den\u00ed na ven (dle po\u010das\u00ed), baterka &#8211; \u010delovka, hodinky, \u0161\u00e1tek, propiska, blok, kapesn\u00ed n\u016f\u017e, sirky a SPAC\u00c1K. Pros\u00edm vezm\u011bte s sebou ji\u017e p\u0159edem sepsan\u00e9 term\u00edny, kdy budete moci na \u0161koln\u00ed v\u00fdlety, letn\u00ed t\u00e1bory a adapta\u010dn\u00ed kurzy.<\/p>\n<p>Moc se na v\u00e1s t\u011b\u0161\u00edme&#8230;u\u017e to zase za\u010d\u00edn\u00e1! Roman Lipavsk\u00fd 602 484\u00a0083<\/p>\n","protected":false},"excerpt":{"rendered":"<p>T\u0159et\u00ed instruktorsk\u00e1 v\u00edkendovka pro uchaze\u010de o pr\u00e1ci na letn\u00edch t\u00e1borech \u010cern\u00fd Potok 2026 P\u0159\u00e1tel\u00e9 &#8211; kamar\u00e1di. Kv\u011bten ozdob\u00edme tradi\u010dn\u00ed stmelovac\u00ed, \u0161kol\u00edc\u00ed a informa\u010dn\u00ed v\u00edkendovkou. Pro koho: sou\u010dasn\u00e9 instruktory a nov\u00e9 uchaze\u010de, kte\u0159\u00ed maj\u00ed z\u00e1jem se v leto\u0161n\u00edm roce aktivn\u011b pod\u00edlet na akc\u00edch Letn\u00edch sport\u016f, z.s. O \u010dem to bude: instruktory sezn\u00e1m\u00edme s posledn\u00ed verz\u00ed na\u0161ich\u2026<\/p>\n","protected":false},"author":1,"featured_media":0,"parent":142,"menu_order":0,"comment_status":"closed","ping_status":"closed","template":"","meta":{"footnotes":""},"class_list":["post-2698","page","type-page","status-publish","hentry"],"yoast_head":"<!-- This site is optimized with the Yoast SEO plugin v26.5 - https:\/\/yoast.com\/wordpress\/plugins\/seo\/ -->\n<title>3. instruktorsk\u00e1 v\u00edkendovka 2026 - D\u011btsk\u00fd T\u00e1bor \u010cern\u00fd Potok<\/title>\n<meta name=\"robots\" content=\"index, follow, max-snippet:-1, max-image-preview:large, max-video-preview:-1\" \/>\n<link rel=\"canonical\" href=\"https:\/\/www.taborcernypotok.cz\/detsky-tabor\/pro-instruktory\/3-instruktorska-vikendovka\/\" \/>\n<meta property=\"og:locale\" content=\"cs_CZ\" \/>\n<meta property=\"og:type\" content=\"article\" \/>\n<meta property=\"og:title\" content=\"3. instruktorsk\u00e1 v\u00edkendovka 2026 - D\u011btsk\u00fd T\u00e1bor \u010cern\u00fd Potok\" \/>\n<meta property=\"og:description\" content=\"T\u0159et\u00ed instruktorsk\u00e1 v\u00edkendovka pro uchaze\u010de o pr\u00e1ci na letn\u00edch t\u00e1borech \u010cern\u00fd Potok 2026 P\u0159\u00e1tel\u00e9 &#8211; kamar\u00e1di. Kv\u011bten ozdob\u00edme tradi\u010dn\u00ed stmelovac\u00ed, \u0161kol\u00edc\u00ed a informa\u010dn\u00ed v\u00edkendovkou. Pro koho: sou\u010dasn\u00e9 instruktory a nov\u00e9 uchaze\u010de, kte\u0159\u00ed maj\u00ed z\u00e1jem se v leto\u0161n\u00edm roce aktivn\u011b pod\u00edlet na akc\u00edch Letn\u00edch sport\u016f, z.s. O \u010dem to bude: instruktory sezn\u00e1m\u00edme s posledn\u00ed verz\u00ed na\u0161ich\u2026\" \/>\n<meta property=\"og:url\" content=\"https:\/\/www.taborcernypotok.cz\/detsky-tabor\/pro-instruktory\/3-instruktorska-vikendovka\/\" \/>\n<meta property=\"og:site_name\" content=\"D\u011btsk\u00fd T\u00e1bor \u010cern\u00fd Potok\" \/>\n<meta property=\"article:modified_time\" content=\"2026-02-18T14:58:20+00:00\" \/>\n<meta name=\"twitter:card\" content=\"summary_large_image\" \/>\n<meta name=\"twitter:label1\" content=\"Odhadovan\u00e1 doba \u010dten\u00ed\" \/>\n\t<meta name=\"twitter:data1\" content=\"1 minuta\" \/>\n<script type=\"application\/ld+json\" class=\"yoast-schema-graph\">{\"@context\":\"https:\/\/schema.org\",\"@graph\":[{\"@type\":\"WebPage\",\"@id\":\"https:\/\/www.taborcernypotok.cz\/detsky-tabor\/pro-instruktory\/3-instruktorska-vikendovka\/\",\"url\":\"https:\/\/www.taborcernypotok.cz\/detsky-tabor\/pro-instruktory\/3-instruktorska-vikendovka\/\",\"name\":\"3. instruktorsk\u00e1 v\u00edkendovka 2026 - D\u011btsk\u00fd T\u00e1bor \u010cern\u00fd Potok\",\"isPartOf\":{\"@id\":\"https:\/\/www.taborcernypotok.cz\/detsky-tabor\/#website\"},\"datePublished\":\"2019-03-26T20:31:56+00:00\",\"dateModified\":\"2026-02-18T14:58:20+00:00\",\"breadcrumb\":{\"@id\":\"https:\/\/www.taborcernypotok.cz\/detsky-tabor\/pro-instruktory\/3-instruktorska-vikendovka\/#breadcrumb\"},\"inLanguage\":\"cs\",\"potentialAction\":[{\"@type\":\"ReadAction\",\"target\":[\"https:\/\/www.taborcernypotok.cz\/detsky-tabor\/pro-instruktory\/3-instruktorska-vikendovka\/\"]}]},{\"@type\":\"BreadcrumbList\",\"@id\":\"https:\/\/www.taborcernypotok.cz\/detsky-tabor\/pro-instruktory\/3-instruktorska-vikendovka\/#breadcrumb\",\"itemListElement\":[{\"@type\":\"ListItem\",\"position\":1,\"name\":\"Dom\u016f\",\"item\":\"https:\/\/www.taborcernypotok.cz\/detsky-tabor\/\"},{\"@type\":\"ListItem\",\"position\":2,\"name\":\"Pro instruktory\",\"item\":\"https:\/\/www.taborcernypotok.cz\/detsky-tabor\/pro-instruktory\/\"},{\"@type\":\"ListItem\",\"position\":3,\"name\":\"3. instruktorsk\u00e1 v\u00edkendovka 2026\"}]},{\"@type\":\"WebSite\",\"@id\":\"https:\/\/www.taborcernypotok.cz\/detsky-tabor\/#website\",\"url\":\"https:\/\/www.taborcernypotok.cz\/detsky-tabor\/\",\"name\":\"D\u011btsk\u00fd T\u00e1bor \u010cern\u00fd Potok\",\"description\":\"D\u011btsk\u00e9 t\u00e1bory Rychlebsk\u00e9 Hory\",\"potentialAction\":[{\"@type\":\"SearchAction\",\"target\":{\"@type\":\"EntryPoint\",\"urlTemplate\":\"https:\/\/www.taborcernypotok.cz\/detsky-tabor\/?s={search_term_string}\"},\"query-input\":{\"@type\":\"PropertyValueSpecification\",\"valueRequired\":true,\"valueName\":\"search_term_string\"}}],\"inLanguage\":\"cs\"}]}<\/script>\n<!-- \/ Yoast SEO plugin. -->","yoast_head_json":{"title":"3. instruktorsk\u00e1 v\u00edkendovka 2026 - D\u011btsk\u00fd T\u00e1bor \u010cern\u00fd Potok","robots":{"index":"index","follow":"follow","max-snippet":"max-snippet:-1","max-image-preview":"max-image-preview:large","max-video-preview":"max-video-preview:-1"},"canonical":"https:\/\/www.taborcernypotok.cz\/detsky-tabor\/pro-instruktory\/3-instruktorska-vikendovka\/","og_locale":"cs_CZ","og_type":"article","og_title":"3. instruktorsk\u00e1 v\u00edkendovka 2026 - D\u011btsk\u00fd T\u00e1bor \u010cern\u00fd Potok","og_description":"T\u0159et\u00ed instruktorsk\u00e1 v\u00edkendovka pro uchaze\u010de o pr\u00e1ci na letn\u00edch t\u00e1borech \u010cern\u00fd Potok 2026 P\u0159\u00e1tel\u00e9 &#8211; kamar\u00e1di. Kv\u011bten ozdob\u00edme tradi\u010dn\u00ed stmelovac\u00ed, \u0161kol\u00edc\u00ed a informa\u010dn\u00ed v\u00edkendovkou. Pro koho: sou\u010dasn\u00e9 instruktory a nov\u00e9 uchaze\u010de, kte\u0159\u00ed maj\u00ed z\u00e1jem se v leto\u0161n\u00edm roce aktivn\u011b pod\u00edlet na akc\u00edch Letn\u00edch sport\u016f, z.s. O \u010dem to bude: instruktory sezn\u00e1m\u00edme s posledn\u00ed verz\u00ed na\u0161ich\u2026","og_url":"https:\/\/www.taborcernypotok.cz\/detsky-tabor\/pro-instruktory\/3-instruktorska-vikendovka\/","og_site_name":"D\u011btsk\u00fd T\u00e1bor \u010cern\u00fd Potok","article_modified_time":"2026-02-18T14:58:20+00:00","twitter_card":"summary_large_image","twitter_misc":{"Odhadovan\u00e1 doba \u010dten\u00ed":"1 minuta"},"schema":{"@context":"https:\/\/schema.org","@graph":[{"@type":"WebPage","@id":"https:\/\/www.taborcernypotok.cz\/detsky-tabor\/pro-instruktory\/3-instruktorska-vikendovka\/","url":"https:\/\/www.taborcernypotok.cz\/detsky-tabor\/pro-instruktory\/3-instruktorska-vikendovka\/","name":"3. instruktorsk\u00e1 v\u00edkendovka 2026 - D\u011btsk\u00fd T\u00e1bor \u010cern\u00fd Potok","isPartOf":{"@id":"https:\/\/www.taborcernypotok.cz\/detsky-tabor\/#website"},"datePublished":"2019-03-26T20:31:56+00:00","dateModified":"2026-02-18T14:58:20+00:00","breadcrumb":{"@id":"https:\/\/www.taborcernypotok.cz\/detsky-tabor\/pro-instruktory\/3-instruktorska-vikendovka\/#breadcrumb"},"inLanguage":"cs","potentialAction":[{"@type":"ReadAction","target":["https:\/\/www.taborcernypotok.cz\/detsky-tabor\/pro-instruktory\/3-instruktorska-vikendovka\/"]}]},{"@type":"BreadcrumbList","@id":"https:\/\/www.taborcernypotok.cz\/detsky-tabor\/pro-instruktory\/3-instruktorska-vikendovka\/#breadcrumb","itemListElement":[{"@type":"ListItem","position":1,"name":"Dom\u016f","item":"https:\/\/www.taborcernypotok.cz\/detsky-tabor\/"},{"@type":"ListItem","position":2,"name":"Pro instruktory","item":"https:\/\/www.taborcernypotok.cz\/detsky-tabor\/pro-instruktory\/"},{"@type":"ListItem","position":3,"name":"3. instruktorsk\u00e1 v\u00edkendovka 2026"}]},{"@type":"WebSite","@id":"https:\/\/www.taborcernypotok.cz\/detsky-tabor\/#website","url":"https:\/\/www.taborcernypotok.cz\/detsky-tabor\/","name":"D\u011btsk\u00fd T\u00e1bor \u010cern\u00fd Potok","description":"D\u011btsk\u00e9 t\u00e1bory Rychlebsk\u00e9 Hory","potentialAction":[{"@type":"SearchAction","target":{"@type":"EntryPoint","urlTemplate":"https:\/\/www.taborcernypotok.cz\/detsky-tabor\/?s={search_term_string}"},"query-input":{"@type":"PropertyValueSpecification","valueRequired":true,"valueName":"search_term_string"}}],"inLanguage":"cs"}]}},"_links":{"self":[{"href":"https:\/\/www.taborcernypotok.cz\/detsky-tabor\/wp-json\/wp\/v2\/pages\/2698","targetHints":{"allow":["GET"]}}],"collection":[{"href":"https:\/\/www.taborcernypotok.cz\/detsky-tabor\/wp-json\/wp\/v2\/pages"}],"about":[{"href":"https:\/\/www.taborcernypotok.cz\/detsky-tabor\/wp-json\/wp\/v2\/types\/page"}],"author":[{"embeddable":true,"href":"https:\/\/www.taborcernypotok.cz\/detsky-tabor\/wp-json\/wp\/v2\/users\/1"}],"replies":[{"embeddable":true,"href":"https:\/\/www.taborcernypotok.cz\/detsky-tabor\/wp-json\/wp\/v2\/comments?post=2698"}],"version-history":[{"count":11,"href":"https:\/\/www.taborcernypotok.cz\/detsky-tabor\/wp-json\/wp\/v2\/pages\/2698\/revisions"}],"predecessor-version":[{"id":12302,"href":"https:\/\/www.taborcernypotok.cz\/detsky-tabor\/wp-json\/wp\/v2\/pages\/2698\/revisions\/12302"}],"up":[{"embeddable":true,"href":"https:\/\/www.taborcernypotok.cz\/detsky-tabor\/wp-json\/wp\/v2\/pages\/142"}],"wp:attachment":[{"href":"https:\/\/www.taborcernypotok.cz\/detsky-tabor\/wp-json\/wp\/v2\/media?parent=2698"}],"curies":[{"name":"wp","href":"https:\/\/api.w.org\/{rel}","templated":true}]}}