{"id":342,"date":"2017-03-26T12:29:17","date_gmt":"2017-03-26T11:29:17","guid":{"rendered":"https:\/\/www.taborcernypotok.cz\/detsky-tabor\/?page_id=342"},"modified":"2025-05-26T20:34:35","modified_gmt":"2025-05-26T19:34:35","slug":"2017-avatar-navrat-bojovnika-iii","status":"publish","type":"page","link":"https:\/\/www.taborcernypotok.cz\/detsky-tabor\/letni-tabor\/archiv-letnich-taboru\/2017-avatar-navrat-bojovnika-iii\/","title":{"rendered":"2017 Avatar \u2013 n\u00e1vrat bojovn\u00edka III."},"content":{"rendered":"<div class=\"page-header\">\n<h1>Avatar &#8211; n\u00e1vrat bojovn\u00edka III.<\/h1>\n<\/div>\n<p>III. TURNUS | 8 dn\u00ed 22. 7. &#8211; 29. 7. 2017 | 9 &#8211; 12 let<\/p>\n<p>Po slavn\u00e9m v\u00edt\u011bzstv\u00ed obyvatel planety Pandory nad pozemskou koloniza\u010dn\u00ed arm\u00e1dou se \u017eivot vr\u00e1til do klidu a rovnov\u00e1hy. N\u00e1rod Na&#8217;vi \u017eije s p\u0159\u00edrodou v souladu a rovnov\u00e1ze do okam\u017eiku ne\u017e se jeho udatn\u00ed bojovn\u00edci za\u010dnou z\u00e1hadn\u011b ztr\u00e1cet.<br \/>\nNa planetu Pandoru se vkr\u00e1d\u00e1 z\u00e1hadn\u00e9 temn\u00e9 zlo a Avatar Jake Sully vol\u00e1 na pomoc sp\u0159\u00edzn\u011bn\u00e9 bojovn\u00edky&#8230;<\/p>\n<p>Nap\u00ednav\u00e1 celot\u00e1borov\u00e1 hra u\u0161it\u00e1 na m\u00edru pro d\u011bti st\u0159edn\u00edho \u0161koln\u00edho v\u011bku.<\/p>\n<p>Nebude chyb\u011bt: n\u00e1dhern\u00e1 p\u0159\u00edroda, koup\u00e1n\u00ed v lomech a na koupali\u0161ti, plavba na \u010dlunech, letn\u00ed kino, t\u00e1bor\u00e1k, oh\u0148ostroj, sportov\u00e1n\u00ed a spousta nap\u00ednav\u00fdch her. Dohled vykon\u00e1vaj\u00ed \u0161kolen\u00ed instrukto\u0159i, tren\u00e9\u0159i a pedagogi\u010dt\u00ed pracovn\u00edci.<\/p>\n<table style=\"width: 100%;\">\n<tbody>\n<tr>\n<td><\/td>\n<\/tr>\n<\/tbody>\n<\/table>\n<p><strong>V\u011bkov\u00e1 kategorie:<\/strong> 9 &#8211; 12 let ho\u0161i i d\u00edvky<br \/>\n<strong>M\u00edsto:<\/strong> T\u00e1bor \u010cern\u00fd Potok Velk\u00e1 Kra\u0161 u Vidnavy<br \/>\n<strong>Ubytov\u00e1n\u00ed:<\/strong> d\u0159ev\u011bn\u00e9 chatky<br \/>\n<strong>Stravov\u00e1n\u00ed:<\/strong> 5 x denn\u011b<br \/>\n<strong>Zdravotn\u00ed dozor:<\/strong> delegovan\u00fd l\u00e9ka\u0159 nebo zdravotn\u00ed pracovn\u00edk<br \/>\n<strong>Garant:<\/strong> Mgr. Roman Lipavsk\u00fd<br \/>\n<strong>Cena v\u010detn\u011b dopravy na t\u00e1bor:<\/strong> 3.390,- K\u010d<br \/>\n<strong>Dohled vykon\u00e1vaj\u00ed \u0161kolen\u00ed instrukto\u0159i, tren\u00e9\u0159i a<\/strong><br \/>\n<strong>pedagogi\u010dt\u00ed pracovn\u00edci.<\/strong><\/p>\n","protected":false},"excerpt":{"rendered":"<p>Avatar &#8211; n\u00e1vrat bojovn\u00edka III. III. TURNUS | 8 dn\u00ed 22. 7. &#8211; 29. 7. 2017 | 9 &#8211; 12 let Po slavn\u00e9m v\u00edt\u011bzstv\u00ed obyvatel planety Pandory nad pozemskou koloniza\u010dn\u00ed arm\u00e1dou se \u017eivot vr\u00e1til do klidu a rovnov\u00e1hy. N\u00e1rod Na&#8217;vi \u017eije s p\u0159\u00edrodou v souladu a rovnov\u00e1ze do okam\u017eiku ne\u017e se jeho udatn\u00ed bojovn\u00edci za\u010dnou\u2026<\/p>\n","protected":false},"author":1,"featured_media":0,"parent":59,"menu_order":0,"comment_status":"closed","ping_status":"closed","template":"","meta":{"footnotes":""},"class_list":["post-342","page","type-page","status-publish","hentry"],"yoast_head":"<!-- This site is optimized with the Yoast SEO plugin v26.5 - https:\/\/yoast.com\/wordpress\/plugins\/seo\/ -->\n<title>2017 Avatar \u2013 n\u00e1vrat bojovn\u00edka III. - D\u011btsk\u00fd T\u00e1bor \u010cern\u00fd Potok<\/title>\n<meta name=\"robots\" content=\"index, follow, max-snippet:-1, max-image-preview:large, max-video-preview:-1\" \/>\n<link rel=\"canonical\" href=\"https:\/\/www.taborcernypotok.cz\/detsky-tabor\/letni-tabor\/archiv-letnich-taboru\/2017-avatar-navrat-bojovnika-iii\/\" \/>\n<meta property=\"og:locale\" content=\"cs_CZ\" \/>\n<meta property=\"og:type\" content=\"article\" \/>\n<meta property=\"og:title\" content=\"2017 Avatar \u2013 n\u00e1vrat bojovn\u00edka III. - D\u011btsk\u00fd T\u00e1bor \u010cern\u00fd Potok\" \/>\n<meta property=\"og:description\" content=\"Avatar &#8211; n\u00e1vrat bojovn\u00edka III. III. TURNUS | 8 dn\u00ed 22. 7. &#8211; 29. 7. 2017 | 9 &#8211; 12 let Po slavn\u00e9m v\u00edt\u011bzstv\u00ed obyvatel planety Pandory nad pozemskou koloniza\u010dn\u00ed arm\u00e1dou se \u017eivot vr\u00e1til do klidu a rovnov\u00e1hy. N\u00e1rod Na&#8217;vi \u017eije s p\u0159\u00edrodou v souladu a rovnov\u00e1ze do okam\u017eiku ne\u017e se jeho udatn\u00ed bojovn\u00edci za\u010dnou\u2026\" \/>\n<meta property=\"og:url\" content=\"https:\/\/www.taborcernypotok.cz\/detsky-tabor\/letni-tabor\/archiv-letnich-taboru\/2017-avatar-navrat-bojovnika-iii\/\" \/>\n<meta property=\"og:site_name\" content=\"D\u011btsk\u00fd T\u00e1bor \u010cern\u00fd Potok\" \/>\n<meta property=\"article:modified_time\" content=\"2025-05-26T19:34:35+00:00\" \/>\n<meta name=\"twitter:card\" content=\"summary_large_image\" \/>\n<meta name=\"twitter:label1\" content=\"Odhadovan\u00e1 doba \u010dten\u00ed\" \/>\n\t<meta name=\"twitter:data1\" content=\"1 minuta\" \/>\n<script type=\"application\/ld+json\" class=\"yoast-schema-graph\">{\"@context\":\"https:\/\/schema.org\",\"@graph\":[{\"@type\":\"WebPage\",\"@id\":\"https:\/\/www.taborcernypotok.cz\/detsky-tabor\/letni-tabor\/archiv-letnich-taboru\/2017-avatar-navrat-bojovnika-iii\/\",\"url\":\"https:\/\/www.taborcernypotok.cz\/detsky-tabor\/letni-tabor\/archiv-letnich-taboru\/2017-avatar-navrat-bojovnika-iii\/\",\"name\":\"2017 Avatar \u2013 n\u00e1vrat bojovn\u00edka III. - D\u011btsk\u00fd T\u00e1bor \u010cern\u00fd Potok\",\"isPartOf\":{\"@id\":\"https:\/\/www.taborcernypotok.cz\/detsky-tabor\/#website\"},\"datePublished\":\"2017-03-26T11:29:17+00:00\",\"dateModified\":\"2025-05-26T19:34:35+00:00\",\"breadcrumb\":{\"@id\":\"https:\/\/www.taborcernypotok.cz\/detsky-tabor\/letni-tabor\/archiv-letnich-taboru\/2017-avatar-navrat-bojovnika-iii\/#breadcrumb\"},\"inLanguage\":\"cs\",\"potentialAction\":[{\"@type\":\"ReadAction\",\"target\":[\"https:\/\/www.taborcernypotok.cz\/detsky-tabor\/letni-tabor\/archiv-letnich-taboru\/2017-avatar-navrat-bojovnika-iii\/\"]}]},{\"@type\":\"BreadcrumbList\",\"@id\":\"https:\/\/www.taborcernypotok.cz\/detsky-tabor\/letni-tabor\/archiv-letnich-taboru\/2017-avatar-navrat-bojovnika-iii\/#breadcrumb\",\"itemListElement\":[{\"@type\":\"ListItem\",\"position\":1,\"name\":\"Dom\u016f\",\"item\":\"https:\/\/www.taborcernypotok.cz\/detsky-tabor\/\"},{\"@type\":\"ListItem\",\"position\":2,\"name\":\"Letn\u00ed t\u00e1bor\",\"item\":\"https:\/\/www.taborcernypotok.cz\/detsky-tabor\/letni-tabor\/\"},{\"@type\":\"ListItem\",\"position\":3,\"name\":\"Archiv letn\u00edch t\u00e1bor\u016f\",\"item\":\"https:\/\/www.taborcernypotok.cz\/detsky-tabor\/letni-tabor\/archiv-letnich-taboru\/\"},{\"@type\":\"ListItem\",\"position\":4,\"name\":\"2017 Avatar \u2013 n\u00e1vrat bojovn\u00edka III.\"}]},{\"@type\":\"WebSite\",\"@id\":\"https:\/\/www.taborcernypotok.cz\/detsky-tabor\/#website\",\"url\":\"https:\/\/www.taborcernypotok.cz\/detsky-tabor\/\",\"name\":\"D\u011btsk\u00fd T\u00e1bor \u010cern\u00fd Potok\",\"description\":\"D\u011btsk\u00e9 t\u00e1bory Rychlebsk\u00e9 Hory\",\"potentialAction\":[{\"@type\":\"SearchAction\",\"target\":{\"@type\":\"EntryPoint\",\"urlTemplate\":\"https:\/\/www.taborcernypotok.cz\/detsky-tabor\/?s={search_term_string}\"},\"query-input\":{\"@type\":\"PropertyValueSpecification\",\"valueRequired\":true,\"valueName\":\"search_term_string\"}}],\"inLanguage\":\"cs\"}]}<\/script>\n<!-- \/ Yoast SEO plugin. -->","yoast_head_json":{"title":"2017 Avatar \u2013 n\u00e1vrat bojovn\u00edka III. - D\u011btsk\u00fd T\u00e1bor \u010cern\u00fd Potok","robots":{"index":"index","follow":"follow","max-snippet":"max-snippet:-1","max-image-preview":"max-image-preview:large","max-video-preview":"max-video-preview:-1"},"canonical":"https:\/\/www.taborcernypotok.cz\/detsky-tabor\/letni-tabor\/archiv-letnich-taboru\/2017-avatar-navrat-bojovnika-iii\/","og_locale":"cs_CZ","og_type":"article","og_title":"2017 Avatar \u2013 n\u00e1vrat bojovn\u00edka III. - D\u011btsk\u00fd T\u00e1bor \u010cern\u00fd Potok","og_description":"Avatar &#8211; n\u00e1vrat bojovn\u00edka III. III. TURNUS | 8 dn\u00ed 22. 7. &#8211; 29. 7. 2017 | 9 &#8211; 12 let Po slavn\u00e9m v\u00edt\u011bzstv\u00ed obyvatel planety Pandory nad pozemskou koloniza\u010dn\u00ed arm\u00e1dou se \u017eivot vr\u00e1til do klidu a rovnov\u00e1hy. N\u00e1rod Na&#8217;vi \u017eije s p\u0159\u00edrodou v souladu a rovnov\u00e1ze do okam\u017eiku ne\u017e se jeho udatn\u00ed bojovn\u00edci za\u010dnou\u2026","og_url":"https:\/\/www.taborcernypotok.cz\/detsky-tabor\/letni-tabor\/archiv-letnich-taboru\/2017-avatar-navrat-bojovnika-iii\/","og_site_name":"D\u011btsk\u00fd T\u00e1bor \u010cern\u00fd Potok","article_modified_time":"2025-05-26T19:34:35+00:00","twitter_card":"summary_large_image","twitter_misc":{"Odhadovan\u00e1 doba \u010dten\u00ed":"1 minuta"},"schema":{"@context":"https:\/\/schema.org","@graph":[{"@type":"WebPage","@id":"https:\/\/www.taborcernypotok.cz\/detsky-tabor\/letni-tabor\/archiv-letnich-taboru\/2017-avatar-navrat-bojovnika-iii\/","url":"https:\/\/www.taborcernypotok.cz\/detsky-tabor\/letni-tabor\/archiv-letnich-taboru\/2017-avatar-navrat-bojovnika-iii\/","name":"2017 Avatar \u2013 n\u00e1vrat bojovn\u00edka III. - D\u011btsk\u00fd T\u00e1bor \u010cern\u00fd Potok","isPartOf":{"@id":"https:\/\/www.taborcernypotok.cz\/detsky-tabor\/#website"},"datePublished":"2017-03-26T11:29:17+00:00","dateModified":"2025-05-26T19:34:35+00:00","breadcrumb":{"@id":"https:\/\/www.taborcernypotok.cz\/detsky-tabor\/letni-tabor\/archiv-letnich-taboru\/2017-avatar-navrat-bojovnika-iii\/#breadcrumb"},"inLanguage":"cs","potentialAction":[{"@type":"ReadAction","target":["https:\/\/www.taborcernypotok.cz\/detsky-tabor\/letni-tabor\/archiv-letnich-taboru\/2017-avatar-navrat-bojovnika-iii\/"]}]},{"@type":"BreadcrumbList","@id":"https:\/\/www.taborcernypotok.cz\/detsky-tabor\/letni-tabor\/archiv-letnich-taboru\/2017-avatar-navrat-bojovnika-iii\/#breadcrumb","itemListElement":[{"@type":"ListItem","position":1,"name":"Dom\u016f","item":"https:\/\/www.taborcernypotok.cz\/detsky-tabor\/"},{"@type":"ListItem","position":2,"name":"Letn\u00ed t\u00e1bor","item":"https:\/\/www.taborcernypotok.cz\/detsky-tabor\/letni-tabor\/"},{"@type":"ListItem","position":3,"name":"Archiv letn\u00edch t\u00e1bor\u016f","item":"https:\/\/www.taborcernypotok.cz\/detsky-tabor\/letni-tabor\/archiv-letnich-taboru\/"},{"@type":"ListItem","position":4,"name":"2017 Avatar \u2013 n\u00e1vrat bojovn\u00edka III."}]},{"@type":"WebSite","@id":"https:\/\/www.taborcernypotok.cz\/detsky-tabor\/#website","url":"https:\/\/www.taborcernypotok.cz\/detsky-tabor\/","name":"D\u011btsk\u00fd T\u00e1bor \u010cern\u00fd Potok","description":"D\u011btsk\u00e9 t\u00e1bory Rychlebsk\u00e9 Hory","potentialAction":[{"@type":"SearchAction","target":{"@type":"EntryPoint","urlTemplate":"https:\/\/www.taborcernypotok.cz\/detsky-tabor\/?s={search_term_string}"},"query-input":{"@type":"PropertyValueSpecification","valueRequired":true,"valueName":"search_term_string"}}],"inLanguage":"cs"}]}},"_links":{"self":[{"href":"https:\/\/www.taborcernypotok.cz\/detsky-tabor\/wp-json\/wp\/v2\/pages\/342","targetHints":{"allow":["GET"]}}],"collection":[{"href":"https:\/\/www.taborcernypotok.cz\/detsky-tabor\/wp-json\/wp\/v2\/pages"}],"about":[{"href":"https:\/\/www.taborcernypotok.cz\/detsky-tabor\/wp-json\/wp\/v2\/types\/page"}],"author":[{"embeddable":true,"href":"https:\/\/www.taborcernypotok.cz\/detsky-tabor\/wp-json\/wp\/v2\/users\/1"}],"replies":[{"embeddable":true,"href":"https:\/\/www.taborcernypotok.cz\/detsky-tabor\/wp-json\/wp\/v2\/comments?post=342"}],"version-history":[{"count":4,"href":"https:\/\/www.taborcernypotok.cz\/detsky-tabor\/wp-json\/wp\/v2\/pages\/342\/revisions"}],"predecessor-version":[{"id":11981,"href":"https:\/\/www.taborcernypotok.cz\/detsky-tabor\/wp-json\/wp\/v2\/pages\/342\/revisions\/11981"}],"up":[{"embeddable":true,"href":"https:\/\/www.taborcernypotok.cz\/detsky-tabor\/wp-json\/wp\/v2\/pages\/59"}],"wp:attachment":[{"href":"https:\/\/www.taborcernypotok.cz\/detsky-tabor\/wp-json\/wp\/v2\/media?parent=342"}],"curies":[{"name":"wp","href":"https:\/\/api.w.org\/{rel}","templated":true}]}}

2017 Avatar – návrat bojovníka III.

<div class="page-header">
<h1>Avatar &#8211; návrat bojovníka III.</h1>
</div>
<p>III. TURNUS | 8 dní 22. 7. &#8211; 29. 7. 2017 | 9 &#8211; 12 let</p>
<p>Po slavném vítězství obyvatel planety Pandory nad pozemskou kolonizační armádou se život vrátil do klidu a rovnováhy. Národ Na&#8217;vi žije s přírodou v souladu a rovnováze do okamžiku než se jeho udatní bojovníci začnou záhadně ztrácet.<br />
Na planetu Pandoru se vkrádá záhadné temné zlo a Avatar Jake Sully volá na pomoc spřízněné bojovníky&#8230;</p>
<p>Napínavá celotáborová hra ušitá na míru pro děti středního školního věku.</p>
<p>Nebude chybět: nádherná příroda, koupání v lomech a na koupališti, plavba na člunech, letní kino, táborák, ohňostroj, sportování a spousta napínavých her. Dohled vykonávají školení instruktoři, trenéři a pedagogičtí pracovníci.</p>
<table style="width: 100%;">
<tbody>
<tr>
<td></td>
</tr>
</tbody>
</table>
<p><strong>Věková kategorie:</strong> 9 &#8211; 12 let hoši i dívky<br />
<strong>Místo:</strong> Tábor Černý Potok Velká Kraš u Vidnavy<br />
<strong>Ubytování:</strong> dřevěné chatky<br />
<strong>Stravování:</strong> 5 x denně<br />
<strong>Zdravotní dozor:</strong> delegovaný lékař nebo zdravotní pracovník<br />
<strong>Garant:</strong> Mgr. Roman Lipavský<br />
<strong>Cena včetně dopravy na tábor:</strong> 3.390,- Kč<br />
<strong>Dohled vykonávají školení instruktoři, trenéři a</strong><br />
<strong>pedagogičtí pracovníci.</strong></p>

<p>Avatar &#8211; návrat bojovníka III. III. TURNUS | 8 dní 22. 7. &#8211; 29. 7. 2017 | 9 &#8211; 12 let Po slavném vítězství obyvatel planety Pandory nad pozemskou kolonizační armádou se život vrátil do klidu a rovnováhy. Národ Na&#8217;vi žije s přírodou v souladu a rovnováze do okamžiku než se jeho udatní bojovníci začnou…</p>

<!-- This site is optimized with the Yoast SEO plugin v26.5 - https://yoast.com/wordpress/plugins/seo/ -->
<title>2017 Avatar – návrat bojovníka III. - Dětský Tábor Černý Potok</title>
<meta name="robots" content="index, follow, max-snippet:-1, max-image-preview:large, max-video-preview:-1" />
<link rel="canonical" href="https://www.taborcernypotok.cz/detsky-tabor/letni-tabor/archiv-letnich-taboru/2017-avatar-navrat-bojovnika-iii/" />
<meta property="og:locale" content="cs_CZ" />
<meta property="og:type" content="article" />
<meta property="og:title" content="2017 Avatar – návrat bojovníka III. - Dětský Tábor Černý Potok" />
<meta property="og:description" content="Avatar &#8211; návrat bojovníka III. III. TURNUS | 8 dní 22. 7. &#8211; 29. 7. 2017 | 9 &#8211; 12 let Po slavném vítězství obyvatel planety Pandory nad pozemskou kolonizační armádou se život vrátil do klidu a rovnováhy. Národ Na&#8217;vi žije s přírodou v souladu a rovnováze do okamžiku než se jeho udatní bojovníci začnou…" />
<meta property="og:url" content="https://www.taborcernypotok.cz/detsky-tabor/letni-tabor/archiv-letnich-taboru/2017-avatar-navrat-bojovnika-iii/" />
<meta property="og:site_name" content="Dětský Tábor Černý Potok" />
<meta property="article:modified_time" content="2025-05-26T19:34:35+00:00" />
<meta name="twitter:card" content="summary_large_image" />
<meta name="twitter:label1" content="Odhadovaná doba čtení" />
	<meta name="twitter:data1" content="1 minuta" />
<script type="application/ld+json" class="yoast-schema-graph">{"@context":"https://schema.org","@graph":[{"@type":"WebPage","@id":"https://www.taborcernypotok.cz/detsky-tabor/letni-tabor/archiv-letnich-taboru/2017-avatar-navrat-bojovnika-iii/","url":"https://www.taborcernypotok.cz/detsky-tabor/letni-tabor/archiv-letnich-taboru/2017-avatar-navrat-bojovnika-iii/","name":"2017 Avatar – návrat bojovníka III. - Dětský Tábor Černý Potok","isPartOf":{"@id":"https://www.taborcernypotok.cz/detsky-tabor/#website"},"datePublished":"2017-03-26T11:29:17+00:00","dateModified":"2025-05-26T19:34:35+00:00","breadcrumb":{"@id":"https://www.taborcernypotok.cz/detsky-tabor/letni-tabor/archiv-letnich-taboru/2017-avatar-navrat-bojovnika-iii/#breadcrumb"},"inLanguage":"cs","potentialAction":[{"@type":"ReadAction","target":["https://www.taborcernypotok.cz/detsky-tabor/letni-tabor/archiv-letnich-taboru/2017-avatar-navrat-bojovnika-iii/"]}]},{"@type":"BreadcrumbList","@id":"https://www.taborcernypotok.cz/detsky-tabor/letni-tabor/archiv-letnich-taboru/2017-avatar-navrat-bojovnika-iii/#breadcrumb","itemListElement":[{"@type":"ListItem","position":1,"name":"Domů","item":"https://www.taborcernypotok.cz/detsky-tabor/"},{"@type":"ListItem","position":2,"name":"Letní tábor","item":"https://www.taborcernypotok.cz/detsky-tabor/letni-tabor/"},{"@type":"ListItem","position":3,"name":"Archiv letních táborů","item":"https://www.taborcernypotok.cz/detsky-tabor/letni-tabor/archiv-letnich-taboru/"},{"@type":"ListItem","position":4,"name":"2017 Avatar – návrat bojovníka III."}]},{"@type":"WebSite","@id":"https://www.taborcernypotok.cz/detsky-tabor/#website","url":"https://www.taborcernypotok.cz/detsky-tabor/","name":"Dětský Tábor Černý Potok","description":"Dětské tábory Rychlebské Hory","potentialAction":[{"@type":"SearchAction","target":{"@type":"EntryPoint","urlTemplate":"https://www.taborcernypotok.cz/detsky-tabor/?s={search_term_string}"},"query-input":{"@type":"PropertyValueSpecification","valueRequired":true,"valueName":"search_term_string"}}],"inLanguage":"cs"}]}</script>
<!-- / Yoast SEO plugin. -->

2017 Avatar – návrat bojovníka III. - Dětský Tábor Černý Potok

Avatar &#8211; návrat bojovníka III. III. TURNUS | 8 dní 22. 7. &#8211; 29. 7. 2017 | 9 &#8211; 12 let Po slavném vítězství obyvatel planety Pandory nad pozemskou kolonizační armádou se život vrátil do klidu a rovnováhy. Národ Na&#8217;vi žije s přírodou v souladu a rovnováze do okamžiku než se jeho udatní bojovníci začnou…

Dětský Tábor Černý Potok

Domů

Letní tábor

Archiv letních táborů

Dětské tábory Rychlebské Hory
