{"id":43,"date":"2016-11-13T00:02:22","date_gmt":"2016-11-12T23:02:22","guid":{"rendered":"https:\/\/www.taborcernypotok.cz\/detsky-tabor\/?page_id=43"},"modified":"2026-02-18T16:18:51","modified_gmt":"2026-02-18T15:18:51","slug":"informace-k-odjezdu","status":"publish","type":"page","link":"https:\/\/www.taborcernypotok.cz\/detsky-tabor\/letni-tabor\/informace-k-odjezdu\/","title":{"rendered":"Informace k odjezdu"},"content":{"rendered":"\n<h1 class=\"wp-block-heading\">Co vz\u00edt s sebou na LETN\u00cd T\u00c1BOR &#8211; spole\u010dn\u00e9 pro v\u0161echny turnusy<\/h1>\n\n\n\n<p><strong>ODJEZD: sraz v den odjezdu v 9.00<\/strong> <strong>na parkovi\u0161ti pizzerie Ambiente u Domu kultury, ul. Fialova v \u0160umperku.<\/strong><\/p>\n\n\n\n<p><strong>Preferujte, pros\u00edm, odjezd spole\u010dn\u00fdm autobusem, proto\u017ee velice \u010dasto za\u010d\u00ednaj\u00ed hry a p\u0159\u00edb\u011bhy ji\u017e v pr\u016fb\u011bhu t\u00e9to cesty.<\/strong> Pokud bydl\u00edte bl\u00edzko t\u00e1bora a povezete d\u011bti p\u0159\u00edmo na t\u00e1bor, oznamte tuto skute\u010dnost pomoc\u00ed sms ve tvaru jm\u00e9no a p\u0159\u00edjmen\u00ed d\u00edt\u011bte, n\u00e1zev turnusu + informace o dovozu na t\u00e1bor, na tel. 602 484 083. P\u0159\u00edjezd d\u011bt\u00ed na t\u00e1bor b\u00fdv\u00e1 pl\u00e1nov\u00e1n v\u011bt\u0161inou <strong>na 11:15 &#8211; 11:30 hodin.<\/strong><\/p>\n\n\n\n<p><strong>P\u0158\u00cdJEZD<\/strong>: \u00a0z t\u00e1bora do \u0160umperku, parkovi\u0161t\u011b u DK \u0160umperk, Fialova ul.: <\/p>\n\n\n\n<p>1. turnus DESET SAMURAJ\u016e  mezi 13:00 a\u017e 13:40 hod,<\/p>\n\n\n\n<p>2. turnus SUPERCAMP cca 11:30<\/p>\n\n\n\n<p>3. turnus MAFIE cca v 11:30,<\/p>\n\n\n\n<p><\/p>\n\n\n\n<h2 class=\"wp-block-heading\">Bude vyb\u00edr\u00e1no p\u0159i odjezdu:<\/h2>\n\n\n\n<ul class=\"wp-block-list\">\n<li>ofocen\u00e1 karti\u010dka poji\u0161\u0165ovny<\/li>\n\n\n\n<li>!!! zdravotn\u00ed potvrzen\u00ed  \u2013 nesm\u00ed b\u00fdt star\u0161\u00ed 2 let !!!<\/li>\n\n\n\n<li>!!! prohl\u00e1\u0161en\u00ed o bezinfek\u010dnosti \u2013 nesm\u00ed b\u00fdt star\u0161\u00ed 1 dne !!!<\/li>\n<\/ul>\n\n\n\n<h2 class=\"wp-block-heading\">Seznam v\u011bc\u00ed a dopl\u0148k\u016f<\/h2>\n\n\n\n<figure class=\"wp-block-table\"><table><tbody><tr><td>1x<\/td><td>\u0161\u00e1tek na zav\u00e1z\u00e1n\u00ed o\u010d\u00ed (hry)<\/td><\/tr><tr><td>2x<\/td><td>tri\u010dko s kr\u00e1tk\u00fdm ruk\u00e1vem (1 t\u00e1borov\u00e9 tri\u010dko na hry dostanou)<\/td><\/tr><tr><td>1x<\/td><td>plavky<\/td><\/tr><tr><td>2x<\/td><td>kra\u0165asy nebo bermudy<\/td><\/tr><tr><td>2x<\/td><td>tepl\u00e1kov\u00e1 souprava<\/td><\/tr><tr><td>1x<\/td><td>mikina<\/td><\/tr><tr><td>1x<\/td><td>\u0161us\u0165\u00e1kovka (bunda)<\/td><\/tr><tr><td>1x<\/td><td>pl\u00e1\u0161t\u011bnka nebo nepromokav\u00e1 bunda<\/td><\/tr><tr><td>1x<\/td><td>k\u0161iltovka<\/td><\/tr><tr><td>1x<\/td><td>spac\u00e1k<\/td><\/tr><tr><td>1x<\/td><td>oble\u010den\u00ed na span\u00ed<\/td><\/tr><tr><td>&nbsp;<\/td><td>spodn\u00ed pr\u00e1dlo + pono\u017eky<\/td><\/tr><tr><td>1x<\/td><td>tepl\u00e9 pono\u017eky<\/td><\/tr><tr><td>1x<\/td><td>star\u00e9 tenisky na hry do vody a bl\u00e1ta<\/td><\/tr><tr><td>1x<\/td><td>sportovn\u00ed obuv<\/td><\/tr><tr><td>1x<\/td><td>sand\u00e1ly nebo nazouv\u00e1ky<\/td><\/tr><tr><td>1x<\/td><td>repelent proti hmyzu<\/td><\/tr><tr><td>&nbsp;<\/td><td>hygienick\u00e9 pot\u0159eby, ru\u010dn\u00edk<\/td><\/tr><tr><td>&nbsp;<\/td><td>baterka<\/td><\/tr><tr><td>&nbsp;<\/td><td>l\u00e1hev na pit\u00ed<\/td><\/tr><tr><td>&nbsp;<\/td><td>kapesn\u00e9 do bufetu<\/td><\/tr><tr><td>&nbsp;<\/td><td>mal\u00fd batoh na cesty do p\u0159\u00edrody<\/td><\/tr><tr><td>&nbsp;<\/td><td>pro neplavce: plaveck\u00e1 vesta nebo ruk\u00e1vky<\/td><\/tr><tr><td>&nbsp;<\/td><td>!gum\u00e1ky jen p\u0159i velmi nep\u0159\u00edzniv\u00e9 p\u0159edpov\u011bdi po\u010das\u00ed!<\/td><\/tr><tr><td>&nbsp;<\/td><td>propiska, notes, osobn\u00ed l\u00e9ky<\/td><\/tr><\/tbody><\/table><\/figure>\n\n\n\n<h2 class=\"wp-block-heading\">Co ur\u010dit\u011b NE !<\/h2>\n\n\n\n<ul class=\"wp-block-list\">\n<li>alkohol, drogy, cigarety &#8211; p\u0159\u00edsn\u00fd z\u00e1kaz &#8211; poru\u0161en\u00ed tohoto z\u00e1kazu znamen\u00e1 okam\u017eit\u00e9 ukon\u010den\u00ed pobytu bez n\u00e1hrady<\/li>\n\n\n\n<li>energetick\u00e9 n\u00e1poje a tzv. nealkoholick\u00e1 piva<\/li>\n\n\n\n<li>mobily, tablety, powerbanky a jin\u00e9 elektronick\u00e9 v\u011bci<\/li>\n\n\n\n<li>pyrotechnick\u00e9 hra\u010dky<\/li>\n<\/ul>\n\n\n\n<p>Pro ve\u0161ker\u00e9 od\u011bvn\u00ed dopl\u0148ky plat\u00ed, \u017ee v \u017e\u00e1dn\u00e9m p\u0159\u00edpad\u011b nemus\u00ed b\u00fdt nov\u00e9, \u010d\u00edm star\u0161\u00ed, t\u00edm lep\u0161\u00ed:-).<\/p>\n\n\n\n<p>N\u00e1v\u0161t\u011bvy d\u011bt\u00ed na t\u00e1bo\u0159e nejsou, mimo jin\u00e9, z na\u0159\u00edzen\u00ed KHS povoleny. D\u011bkujeme za pochopen\u00ed.<\/p>\n","protected":false},"excerpt":{"rendered":"<p>Co vz\u00edt s sebou na LETN\u00cd T\u00c1BOR &#8211; spole\u010dn\u00e9 pro v\u0161echny turnusy ODJEZD: sraz v den odjezdu v 9.00 na parkovi\u0161ti pizzerie Ambiente u Domu kultury, ul. Fialova v \u0160umperku. Preferujte, pros\u00edm, odjezd spole\u010dn\u00fdm autobusem, proto\u017ee velice \u010dasto za\u010d\u00ednaj\u00ed hry a p\u0159\u00edb\u011bhy ji\u017e v pr\u016fb\u011bhu t\u00e9to cesty. Pokud bydl\u00edte bl\u00edzko t\u00e1bora a povezete d\u011bti p\u0159\u00edmo\u2026<\/p>\n","protected":false},"author":1,"featured_media":0,"parent":41,"menu_order":0,"comment_status":"closed","ping_status":"closed","template":"","meta":{"footnotes":""},"class_list":["post-43","page","type-page","status-publish","hentry"],"yoast_head":"<!-- This site is optimized with the Yoast SEO plugin v26.5 - https:\/\/yoast.com\/wordpress\/plugins\/seo\/ -->\n<title>Informace k odjezdu - D\u011btsk\u00fd T\u00e1bor \u010cern\u00fd Potok<\/title>\n<meta name=\"robots\" content=\"index, follow, max-snippet:-1, max-image-preview:large, max-video-preview:-1\" \/>\n<link rel=\"canonical\" href=\"https:\/\/www.taborcernypotok.cz\/detsky-tabor\/letni-tabor\/informace-k-odjezdu\/\" \/>\n<meta property=\"og:locale\" content=\"cs_CZ\" \/>\n<meta property=\"og:type\" content=\"article\" \/>\n<meta property=\"og:title\" content=\"Informace k odjezdu - D\u011btsk\u00fd T\u00e1bor \u010cern\u00fd Potok\" \/>\n<meta property=\"og:description\" content=\"Co vz\u00edt s sebou na LETN\u00cd T\u00c1BOR &#8211; spole\u010dn\u00e9 pro v\u0161echny turnusy ODJEZD: sraz v den odjezdu v 9.00 na parkovi\u0161ti pizzerie Ambiente u Domu kultury, ul. Fialova v \u0160umperku. Preferujte, pros\u00edm, odjezd spole\u010dn\u00fdm autobusem, proto\u017ee velice \u010dasto za\u010d\u00ednaj\u00ed hry a p\u0159\u00edb\u011bhy ji\u017e v pr\u016fb\u011bhu t\u00e9to cesty. Pokud bydl\u00edte bl\u00edzko t\u00e1bora a povezete d\u011bti p\u0159\u00edmo\u2026\" \/>\n<meta property=\"og:url\" content=\"https:\/\/www.taborcernypotok.cz\/detsky-tabor\/letni-tabor\/informace-k-odjezdu\/\" \/>\n<meta property=\"og:site_name\" content=\"D\u011btsk\u00fd T\u00e1bor \u010cern\u00fd Potok\" \/>\n<meta property=\"article:modified_time\" content=\"2026-02-18T15:18:51+00:00\" \/>\n<meta name=\"twitter:card\" content=\"summary_large_image\" \/>\n<meta name=\"twitter:label1\" content=\"Odhadovan\u00e1 doba \u010dten\u00ed\" \/>\n\t<meta name=\"twitter:data1\" content=\"2 minuty\" \/>\n<script type=\"application\/ld+json\" class=\"yoast-schema-graph\">{\"@context\":\"https:\/\/schema.org\",\"@graph\":[{\"@type\":\"WebPage\",\"@id\":\"https:\/\/www.taborcernypotok.cz\/detsky-tabor\/letni-tabor\/informace-k-odjezdu\/\",\"url\":\"https:\/\/www.taborcernypotok.cz\/detsky-tabor\/letni-tabor\/informace-k-odjezdu\/\",\"name\":\"Informace k odjezdu - D\u011btsk\u00fd T\u00e1bor \u010cern\u00fd Potok\",\"isPartOf\":{\"@id\":\"https:\/\/www.taborcernypotok.cz\/detsky-tabor\/#website\"},\"datePublished\":\"2016-11-12T23:02:22+00:00\",\"dateModified\":\"2026-02-18T15:18:51+00:00\",\"breadcrumb\":{\"@id\":\"https:\/\/www.taborcernypotok.cz\/detsky-tabor\/letni-tabor\/informace-k-odjezdu\/#breadcrumb\"},\"inLanguage\":\"cs\",\"potentialAction\":[{\"@type\":\"ReadAction\",\"target\":[\"https:\/\/www.taborcernypotok.cz\/detsky-tabor\/letni-tabor\/informace-k-odjezdu\/\"]}]},{\"@type\":\"BreadcrumbList\",\"@id\":\"https:\/\/www.taborcernypotok.cz\/detsky-tabor\/letni-tabor\/informace-k-odjezdu\/#breadcrumb\",\"itemListElement\":[{\"@type\":\"ListItem\",\"position\":1,\"name\":\"Dom\u016f\",\"item\":\"https:\/\/www.taborcernypotok.cz\/detsky-tabor\/\"},{\"@type\":\"ListItem\",\"position\":2,\"name\":\"Letn\u00ed t\u00e1bor\",\"item\":\"https:\/\/www.taborcernypotok.cz\/detsky-tabor\/letni-tabor\/\"},{\"@type\":\"ListItem\",\"position\":3,\"name\":\"Informace k odjezdu\"}]},{\"@type\":\"WebSite\",\"@id\":\"https:\/\/www.taborcernypotok.cz\/detsky-tabor\/#website\",\"url\":\"https:\/\/www.taborcernypotok.cz\/detsky-tabor\/\",\"name\":\"D\u011btsk\u00fd T\u00e1bor \u010cern\u00fd Potok\",\"description\":\"D\u011btsk\u00e9 t\u00e1bory Rychlebsk\u00e9 Hory\",\"potentialAction\":[{\"@type\":\"SearchAction\",\"target\":{\"@type\":\"EntryPoint\",\"urlTemplate\":\"https:\/\/www.taborcernypotok.cz\/detsky-tabor\/?s={search_term_string}\"},\"query-input\":{\"@type\":\"PropertyValueSpecification\",\"valueRequired\":true,\"valueName\":\"search_term_string\"}}],\"inLanguage\":\"cs\"}]}<\/script>\n<!-- \/ Yoast SEO plugin. -->","yoast_head_json":{"title":"Informace k odjezdu - D\u011btsk\u00fd T\u00e1bor \u010cern\u00fd Potok","robots":{"index":"index","follow":"follow","max-snippet":"max-snippet:-1","max-image-preview":"max-image-preview:large","max-video-preview":"max-video-preview:-1"},"canonical":"https:\/\/www.taborcernypotok.cz\/detsky-tabor\/letni-tabor\/informace-k-odjezdu\/","og_locale":"cs_CZ","og_type":"article","og_title":"Informace k odjezdu - D\u011btsk\u00fd T\u00e1bor \u010cern\u00fd Potok","og_description":"Co vz\u00edt s sebou na LETN\u00cd T\u00c1BOR &#8211; spole\u010dn\u00e9 pro v\u0161echny turnusy ODJEZD: sraz v den odjezdu v 9.00 na parkovi\u0161ti pizzerie Ambiente u Domu kultury, ul. Fialova v \u0160umperku. Preferujte, pros\u00edm, odjezd spole\u010dn\u00fdm autobusem, proto\u017ee velice \u010dasto za\u010d\u00ednaj\u00ed hry a p\u0159\u00edb\u011bhy ji\u017e v pr\u016fb\u011bhu t\u00e9to cesty. Pokud bydl\u00edte bl\u00edzko t\u00e1bora a povezete d\u011bti p\u0159\u00edmo\u2026","og_url":"https:\/\/www.taborcernypotok.cz\/detsky-tabor\/letni-tabor\/informace-k-odjezdu\/","og_site_name":"D\u011btsk\u00fd T\u00e1bor \u010cern\u00fd Potok","article_modified_time":"2026-02-18T15:18:51+00:00","twitter_card":"summary_large_image","twitter_misc":{"Odhadovan\u00e1 doba \u010dten\u00ed":"2 minuty"},"schema":{"@context":"https:\/\/schema.org","@graph":[{"@type":"WebPage","@id":"https:\/\/www.taborcernypotok.cz\/detsky-tabor\/letni-tabor\/informace-k-odjezdu\/","url":"https:\/\/www.taborcernypotok.cz\/detsky-tabor\/letni-tabor\/informace-k-odjezdu\/","name":"Informace k odjezdu - D\u011btsk\u00fd T\u00e1bor \u010cern\u00fd Potok","isPartOf":{"@id":"https:\/\/www.taborcernypotok.cz\/detsky-tabor\/#website"},"datePublished":"2016-11-12T23:02:22+00:00","dateModified":"2026-02-18T15:18:51+00:00","breadcrumb":{"@id":"https:\/\/www.taborcernypotok.cz\/detsky-tabor\/letni-tabor\/informace-k-odjezdu\/#breadcrumb"},"inLanguage":"cs","potentialAction":[{"@type":"ReadAction","target":["https:\/\/www.taborcernypotok.cz\/detsky-tabor\/letni-tabor\/informace-k-odjezdu\/"]}]},{"@type":"BreadcrumbList","@id":"https:\/\/www.taborcernypotok.cz\/detsky-tabor\/letni-tabor\/informace-k-odjezdu\/#breadcrumb","itemListElement":[{"@type":"ListItem","position":1,"name":"Dom\u016f","item":"https:\/\/www.taborcernypotok.cz\/detsky-tabor\/"},{"@type":"ListItem","position":2,"name":"Letn\u00ed t\u00e1bor","item":"https:\/\/www.taborcernypotok.cz\/detsky-tabor\/letni-tabor\/"},{"@type":"ListItem","position":3,"name":"Informace k odjezdu"}]},{"@type":"WebSite","@id":"https:\/\/www.taborcernypotok.cz\/detsky-tabor\/#website","url":"https:\/\/www.taborcernypotok.cz\/detsky-tabor\/","name":"D\u011btsk\u00fd T\u00e1bor \u010cern\u00fd Potok","description":"D\u011btsk\u00e9 t\u00e1bory Rychlebsk\u00e9 Hory","potentialAction":[{"@type":"SearchAction","target":{"@type":"EntryPoint","urlTemplate":"https:\/\/www.taborcernypotok.cz\/detsky-tabor\/?s={search_term_string}"},"query-input":{"@type":"PropertyValueSpecification","valueRequired":true,"valueName":"search_term_string"}}],"inLanguage":"cs"}]}},"_links":{"self":[{"href":"https:\/\/www.taborcernypotok.cz\/detsky-tabor\/wp-json\/wp\/v2\/pages\/43","targetHints":{"allow":["GET"]}}],"collection":[{"href":"https:\/\/www.taborcernypotok.cz\/detsky-tabor\/wp-json\/wp\/v2\/pages"}],"about":[{"href":"https:\/\/www.taborcernypotok.cz\/detsky-tabor\/wp-json\/wp\/v2\/types\/page"}],"author":[{"embeddable":true,"href":"https:\/\/www.taborcernypotok.cz\/detsky-tabor\/wp-json\/wp\/v2\/users\/1"}],"replies":[{"embeddable":true,"href":"https:\/\/www.taborcernypotok.cz\/detsky-tabor\/wp-json\/wp\/v2\/comments?post=43"}],"version-history":[{"count":42,"href":"https:\/\/www.taborcernypotok.cz\/detsky-tabor\/wp-json\/wp\/v2\/pages\/43\/revisions"}],"predecessor-version":[{"id":12309,"href":"https:\/\/www.taborcernypotok.cz\/detsky-tabor\/wp-json\/wp\/v2\/pages\/43\/revisions\/12309"}],"up":[{"embeddable":true,"href":"https:\/\/www.taborcernypotok.cz\/detsky-tabor\/wp-json\/wp\/v2\/pages\/41"}],"wp:attachment":[{"href":"https:\/\/www.taborcernypotok.cz\/detsky-tabor\/wp-json\/wp\/v2\/media?parent=43"}],"curies":[{"name":"wp","href":"https:\/\/api.w.org\/{rel}","templated":true}]}}