{"id":678,"date":"2017-04-25T19:58:23","date_gmt":"2017-04-25T18:58:23","guid":{"rendered":"https:\/\/www.taborcernypotok.cz\/detsky-tabor\/?page_id=678"},"modified":"2026-02-18T15:44:24","modified_gmt":"2026-02-18T14:44:24","slug":"2-instruktorska-konkurzni-vikendovka","status":"publish","type":"page","link":"https:\/\/www.taborcernypotok.cz\/detsky-tabor\/pro-instruktory\/2-instruktorska-konkurzni-vikendovka\/","title":{"rendered":"2. instruktorsk\u00e1 konkurzn\u00ed v\u00edkendovka 2026"},"content":{"rendered":"<div class=\"page-header\">\n<h1>DRUH\u00c1 INSTRUKTORSK\u00c1 V\u00cdKENDOVKA PRO NOV\u00c9 INSTRUKTORY A Z\u00c1JEMCE O PR\u00c1CI NA LETN\u00cdCH T\u00c1BORECH 2026<\/h1>\n<\/div>\n<p>P\u0159\u00e1tel\u00e9 \u2013 kamar\u00e1di a dal\u0161\u00ed uchaze\u010di o pr\u00e1ci i z\u00e1bavu na t\u00e1bo\u0159e \u010cern\u00fd Potok.<\/p>\n<p><strong>Pro koho:<\/strong> nov\u00fdm uchaze\u010d\u016fm, kte\u0159\u00ed maj\u00ed z\u00e1jem se v leto\u0161n\u00edm roce aktivn\u011b pod\u00edlet na akc\u00edch Letn\u00edch sport\u016f, z.s.<\/p>\n<p><strong>O \u010dem to bude:<\/strong> sezn\u00e1m\u00edte se s prac\u00ed na\u0161ich instruktor\u016f, nech\u00e1me v\u00e1s nakouknout pod pokli\u010dku p\u0159\u00edpravy t\u00e1borov\u00fdch her, nau\u010d\u00edme v\u00e1s z\u00e1klady organizace jednoduch\u00fdch her a p\u0159edev\u0161\u00edm se sezn\u00e1m\u00edte mezi sebou. Po celou dobu v\u00edkendov\u00e9 se o v\u00e1s budou starat \u0161kolen\u00ed instrukto\u0159i a \u0161efinstrukto\u0159i. Dozv\u00edte se tak\u00e9 o organizaci leto\u0161n\u00ed sez\u00f3ny a akc\u00edch p\u0159ipravovan\u00fdch speci\u00e1ln\u011b pro v\u00e1s.<\/p>\n<p><strong>M\u00edsto:<\/strong> T\u00c1BOR \u010cERN\u00dd POTOK Velka Kra\u0161 u Vidnavy.<\/p>\n<p><strong>Kdy:<\/strong> p\u00e1tek a\u017e ned\u011ble 24. \u2013 26.4. 2026.<\/p>\n<p><strong>Cena:<\/strong> 600,- K\u010d (ubytov\u00e1n\u00ed a strava).<\/p>\n<p><strong>P\u0159ihl\u00e1\u0161ky:<\/strong> za\u0161lete e-mail na <a href=\"mailto:romanlipavsky@seznam.cz\">romanlipavsky@seznam.cz<\/a> s t\u011bmito \u00fadaji: jm\u00e9no a p\u0159\u00edjmen\u00ed, datum narozen\u00ed a \u0161kolu nebo zam\u011bstn\u00e1n\u00ed, kde p\u016fsob\u00edte.<br \/>\nObratem od n\u00e1s obdr\u017e\u00edte variabiln\u00ed symbol pro platbu. Svoji p\u0159ihl\u00e1\u0161ku z\u00e1vazn\u011b potvrd\u00edte zasl\u00e1n\u00edm \u010d\u00e1stky 600 K\u010d na \u00fa\u010det Letn\u00edch sport\u016f.<\/p>\n<p><strong>Podklady k platb\u011b:<\/strong> \u00fa\u010det Letn\u00edch t\u00e1bor\u016f <strong>43-8832630247\/0100<\/strong>, a to nejpozd\u011bji do 17.4.2026.<\/p>\n<p><strong>P\u0159\u00edjezd:<\/strong> p\u00e1tek 24.4.2026 18:00 \u2013 18:30<br \/>\n<strong>Odjezd:<\/strong> ned\u011ble 26.4.2026 cca 13:30<br \/>\n<strong>Doprava:<\/strong> vlastn\u00ed, p\u0159\u00edjezd do Velk\u00e9 Kra\u0161e<\/p>\n<p><strong>Co s sebou:<\/strong> vhodn\u00e9 oble\u010den\u00ed na ven (dle po\u010das\u00ed), baterka \u2013 \u010delovka, hodinky, \u0161\u00e1tek, propiska, blok, svoji vyti\u0161t\u011bnou fotografii na A4, kapesn\u00ed n\u016f\u017e, sirky a SPAC\u00c1K !!!<\/p>\n<p>Tak a to je asi v\u0161e a nezapome\u0148te tuto informaci \u0161\u00ed\u0159it mezi dal\u0161\u00ed adepty o pr\u00e1ci na na\u0161em t\u00e1bo\u0159e.<\/p>\n<p>Moc se na v\u00e1s t\u011b\u0161\u00edme, Roman Lipavsk\u00fd 602 484 083<\/p>\n","protected":false},"excerpt":{"rendered":"<p>DRUH\u00c1 INSTRUKTORSK\u00c1 V\u00cdKENDOVKA PRO NOV\u00c9 INSTRUKTORY A Z\u00c1JEMCE O PR\u00c1CI NA LETN\u00cdCH T\u00c1BORECH 2026 P\u0159\u00e1tel\u00e9 \u2013 kamar\u00e1di a dal\u0161\u00ed uchaze\u010di o pr\u00e1ci i z\u00e1bavu na t\u00e1bo\u0159e \u010cern\u00fd Potok. Pro koho: nov\u00fdm uchaze\u010d\u016fm, kte\u0159\u00ed maj\u00ed z\u00e1jem se v leto\u0161n\u00edm roce aktivn\u011b pod\u00edlet na akc\u00edch Letn\u00edch sport\u016f, z.s. O \u010dem to bude: sezn\u00e1m\u00edte se s prac\u00ed na\u0161ich\u2026<\/p>\n","protected":false},"author":1,"featured_media":0,"parent":142,"menu_order":0,"comment_status":"closed","ping_status":"closed","template":"","meta":{"footnotes":""},"class_list":["post-678","page","type-page","status-publish","hentry"],"yoast_head":"<!-- This site is optimized with the Yoast SEO plugin v26.5 - https:\/\/yoast.com\/wordpress\/plugins\/seo\/ -->\n<title>2. instruktorsk\u00e1 konkurzn\u00ed v\u00edkendovka 2026 - D\u011btsk\u00fd T\u00e1bor \u010cern\u00fd Potok<\/title>\n<meta name=\"robots\" content=\"index, follow, max-snippet:-1, max-image-preview:large, max-video-preview:-1\" \/>\n<link rel=\"canonical\" href=\"https:\/\/www.taborcernypotok.cz\/detsky-tabor\/pro-instruktory\/2-instruktorska-konkurzni-vikendovka\/\" \/>\n<meta property=\"og:locale\" content=\"cs_CZ\" \/>\n<meta property=\"og:type\" content=\"article\" \/>\n<meta property=\"og:title\" content=\"2. instruktorsk\u00e1 konkurzn\u00ed v\u00edkendovka 2026 - D\u011btsk\u00fd T\u00e1bor \u010cern\u00fd Potok\" \/>\n<meta property=\"og:description\" content=\"DRUH\u00c1 INSTRUKTORSK\u00c1 V\u00cdKENDOVKA PRO NOV\u00c9 INSTRUKTORY A Z\u00c1JEMCE O PR\u00c1CI NA LETN\u00cdCH T\u00c1BORECH 2026 P\u0159\u00e1tel\u00e9 \u2013 kamar\u00e1di a dal\u0161\u00ed uchaze\u010di o pr\u00e1ci i z\u00e1bavu na t\u00e1bo\u0159e \u010cern\u00fd Potok. Pro koho: nov\u00fdm uchaze\u010d\u016fm, kte\u0159\u00ed maj\u00ed z\u00e1jem se v leto\u0161n\u00edm roce aktivn\u011b pod\u00edlet na akc\u00edch Letn\u00edch sport\u016f, z.s. O \u010dem to bude: sezn\u00e1m\u00edte se s prac\u00ed na\u0161ich\u2026\" \/>\n<meta property=\"og:url\" content=\"https:\/\/www.taborcernypotok.cz\/detsky-tabor\/pro-instruktory\/2-instruktorska-konkurzni-vikendovka\/\" \/>\n<meta property=\"og:site_name\" content=\"D\u011btsk\u00fd T\u00e1bor \u010cern\u00fd Potok\" \/>\n<meta property=\"article:modified_time\" content=\"2026-02-18T14:44:24+00:00\" \/>\n<meta name=\"twitter:card\" content=\"summary_large_image\" \/>\n<meta name=\"twitter:label1\" content=\"Odhadovan\u00e1 doba \u010dten\u00ed\" \/>\n\t<meta name=\"twitter:data1\" content=\"2 minuty\" \/>\n<script type=\"application\/ld+json\" class=\"yoast-schema-graph\">{\"@context\":\"https:\/\/schema.org\",\"@graph\":[{\"@type\":\"WebPage\",\"@id\":\"https:\/\/www.taborcernypotok.cz\/detsky-tabor\/pro-instruktory\/2-instruktorska-konkurzni-vikendovka\/\",\"url\":\"https:\/\/www.taborcernypotok.cz\/detsky-tabor\/pro-instruktory\/2-instruktorska-konkurzni-vikendovka\/\",\"name\":\"2. instruktorsk\u00e1 konkurzn\u00ed v\u00edkendovka 2026 - D\u011btsk\u00fd T\u00e1bor \u010cern\u00fd Potok\",\"isPartOf\":{\"@id\":\"https:\/\/www.taborcernypotok.cz\/detsky-tabor\/#website\"},\"datePublished\":\"2017-04-25T18:58:23+00:00\",\"dateModified\":\"2026-02-18T14:44:24+00:00\",\"breadcrumb\":{\"@id\":\"https:\/\/www.taborcernypotok.cz\/detsky-tabor\/pro-instruktory\/2-instruktorska-konkurzni-vikendovka\/#breadcrumb\"},\"inLanguage\":\"cs\",\"potentialAction\":[{\"@type\":\"ReadAction\",\"target\":[\"https:\/\/www.taborcernypotok.cz\/detsky-tabor\/pro-instruktory\/2-instruktorska-konkurzni-vikendovka\/\"]}]},{\"@type\":\"BreadcrumbList\",\"@id\":\"https:\/\/www.taborcernypotok.cz\/detsky-tabor\/pro-instruktory\/2-instruktorska-konkurzni-vikendovka\/#breadcrumb\",\"itemListElement\":[{\"@type\":\"ListItem\",\"position\":1,\"name\":\"Dom\u016f\",\"item\":\"https:\/\/www.taborcernypotok.cz\/detsky-tabor\/\"},{\"@type\":\"ListItem\",\"position\":2,\"name\":\"Pro instruktory\",\"item\":\"https:\/\/www.taborcernypotok.cz\/detsky-tabor\/pro-instruktory\/\"},{\"@type\":\"ListItem\",\"position\":3,\"name\":\"2. instruktorsk\u00e1 konkurzn\u00ed v\u00edkendovka 2026\"}]},{\"@type\":\"WebSite\",\"@id\":\"https:\/\/www.taborcernypotok.cz\/detsky-tabor\/#website\",\"url\":\"https:\/\/www.taborcernypotok.cz\/detsky-tabor\/\",\"name\":\"D\u011btsk\u00fd T\u00e1bor \u010cern\u00fd Potok\",\"description\":\"D\u011btsk\u00e9 t\u00e1bory Rychlebsk\u00e9 Hory\",\"potentialAction\":[{\"@type\":\"SearchAction\",\"target\":{\"@type\":\"EntryPoint\",\"urlTemplate\":\"https:\/\/www.taborcernypotok.cz\/detsky-tabor\/?s={search_term_string}\"},\"query-input\":{\"@type\":\"PropertyValueSpecification\",\"valueRequired\":true,\"valueName\":\"search_term_string\"}}],\"inLanguage\":\"cs\"}]}<\/script>\n<!-- \/ Yoast SEO plugin. -->","yoast_head_json":{"title":"2. instruktorsk\u00e1 konkurzn\u00ed v\u00edkendovka 2026 - D\u011btsk\u00fd T\u00e1bor \u010cern\u00fd Potok","robots":{"index":"index","follow":"follow","max-snippet":"max-snippet:-1","max-image-preview":"max-image-preview:large","max-video-preview":"max-video-preview:-1"},"canonical":"https:\/\/www.taborcernypotok.cz\/detsky-tabor\/pro-instruktory\/2-instruktorska-konkurzni-vikendovka\/","og_locale":"cs_CZ","og_type":"article","og_title":"2. instruktorsk\u00e1 konkurzn\u00ed v\u00edkendovka 2026 - D\u011btsk\u00fd T\u00e1bor \u010cern\u00fd Potok","og_description":"DRUH\u00c1 INSTRUKTORSK\u00c1 V\u00cdKENDOVKA PRO NOV\u00c9 INSTRUKTORY A Z\u00c1JEMCE O PR\u00c1CI NA LETN\u00cdCH T\u00c1BORECH 2026 P\u0159\u00e1tel\u00e9 \u2013 kamar\u00e1di a dal\u0161\u00ed uchaze\u010di o pr\u00e1ci i z\u00e1bavu na t\u00e1bo\u0159e \u010cern\u00fd Potok. Pro koho: nov\u00fdm uchaze\u010d\u016fm, kte\u0159\u00ed maj\u00ed z\u00e1jem se v leto\u0161n\u00edm roce aktivn\u011b pod\u00edlet na akc\u00edch Letn\u00edch sport\u016f, z.s. O \u010dem to bude: sezn\u00e1m\u00edte se s prac\u00ed na\u0161ich\u2026","og_url":"https:\/\/www.taborcernypotok.cz\/detsky-tabor\/pro-instruktory\/2-instruktorska-konkurzni-vikendovka\/","og_site_name":"D\u011btsk\u00fd T\u00e1bor \u010cern\u00fd Potok","article_modified_time":"2026-02-18T14:44:24+00:00","twitter_card":"summary_large_image","twitter_misc":{"Odhadovan\u00e1 doba \u010dten\u00ed":"2 minuty"},"schema":{"@context":"https:\/\/schema.org","@graph":[{"@type":"WebPage","@id":"https:\/\/www.taborcernypotok.cz\/detsky-tabor\/pro-instruktory\/2-instruktorska-konkurzni-vikendovka\/","url":"https:\/\/www.taborcernypotok.cz\/detsky-tabor\/pro-instruktory\/2-instruktorska-konkurzni-vikendovka\/","name":"2. instruktorsk\u00e1 konkurzn\u00ed v\u00edkendovka 2026 - D\u011btsk\u00fd T\u00e1bor \u010cern\u00fd Potok","isPartOf":{"@id":"https:\/\/www.taborcernypotok.cz\/detsky-tabor\/#website"},"datePublished":"2017-04-25T18:58:23+00:00","dateModified":"2026-02-18T14:44:24+00:00","breadcrumb":{"@id":"https:\/\/www.taborcernypotok.cz\/detsky-tabor\/pro-instruktory\/2-instruktorska-konkurzni-vikendovka\/#breadcrumb"},"inLanguage":"cs","potentialAction":[{"@type":"ReadAction","target":["https:\/\/www.taborcernypotok.cz\/detsky-tabor\/pro-instruktory\/2-instruktorska-konkurzni-vikendovka\/"]}]},{"@type":"BreadcrumbList","@id":"https:\/\/www.taborcernypotok.cz\/detsky-tabor\/pro-instruktory\/2-instruktorska-konkurzni-vikendovka\/#breadcrumb","itemListElement":[{"@type":"ListItem","position":1,"name":"Dom\u016f","item":"https:\/\/www.taborcernypotok.cz\/detsky-tabor\/"},{"@type":"ListItem","position":2,"name":"Pro instruktory","item":"https:\/\/www.taborcernypotok.cz\/detsky-tabor\/pro-instruktory\/"},{"@type":"ListItem","position":3,"name":"2. instruktorsk\u00e1 konkurzn\u00ed v\u00edkendovka 2026"}]},{"@type":"WebSite","@id":"https:\/\/www.taborcernypotok.cz\/detsky-tabor\/#website","url":"https:\/\/www.taborcernypotok.cz\/detsky-tabor\/","name":"D\u011btsk\u00fd T\u00e1bor \u010cern\u00fd Potok","description":"D\u011btsk\u00e9 t\u00e1bory Rychlebsk\u00e9 Hory","potentialAction":[{"@type":"SearchAction","target":{"@type":"EntryPoint","urlTemplate":"https:\/\/www.taborcernypotok.cz\/detsky-tabor\/?s={search_term_string}"},"query-input":{"@type":"PropertyValueSpecification","valueRequired":true,"valueName":"search_term_string"}}],"inLanguage":"cs"}]}},"_links":{"self":[{"href":"https:\/\/www.taborcernypotok.cz\/detsky-tabor\/wp-json\/wp\/v2\/pages\/678","targetHints":{"allow":["GET"]}}],"collection":[{"href":"https:\/\/www.taborcernypotok.cz\/detsky-tabor\/wp-json\/wp\/v2\/pages"}],"about":[{"href":"https:\/\/www.taborcernypotok.cz\/detsky-tabor\/wp-json\/wp\/v2\/types\/page"}],"author":[{"embeddable":true,"href":"https:\/\/www.taborcernypotok.cz\/detsky-tabor\/wp-json\/wp\/v2\/users\/1"}],"replies":[{"embeddable":true,"href":"https:\/\/www.taborcernypotok.cz\/detsky-tabor\/wp-json\/wp\/v2\/comments?post=678"}],"version-history":[{"count":13,"href":"https:\/\/www.taborcernypotok.cz\/detsky-tabor\/wp-json\/wp\/v2\/pages\/678\/revisions"}],"predecessor-version":[{"id":12300,"href":"https:\/\/www.taborcernypotok.cz\/detsky-tabor\/wp-json\/wp\/v2\/pages\/678\/revisions\/12300"}],"up":[{"embeddable":true,"href":"https:\/\/www.taborcernypotok.cz\/detsky-tabor\/wp-json\/wp\/v2\/pages\/142"}],"wp:attachment":[{"href":"https:\/\/www.taborcernypotok.cz\/detsky-tabor\/wp-json\/wp\/v2\/media?parent=678"}],"curies":[{"name":"wp","href":"https:\/\/api.w.org\/{rel}","templated":true}]}}