{"id":9963,"date":"2024-02-21T00:54:08","date_gmt":"2024-02-20T23:54:08","guid":{"rendered":"https:\/\/www.taborcernypotok.cz\/detsky-tabor\/?page_id=9963"},"modified":"2025-05-26T20:45:01","modified_gmt":"2025-05-26T19:45:01","slug":"2024-s-kordem-v-ruce","status":"publish","type":"page","link":"https:\/\/www.taborcernypotok.cz\/detsky-tabor\/letni-tabor\/archiv-letnich-taboru\/2024-s-kordem-v-ruce\/","title":{"rendered":"2024 S KORDEM V RUCE"},"content":{"rendered":"\n<h1 class=\"wp-block-heading\">S KORDEM V RUCE<\/h1>\n\n\n\n<p><strong>7.TURNUS | 7 DN\u016e | 25.-31.8. 2024 | dosp\u011bl\u00e1ci bez d\u011bt\u00ed, rodi\u010de s&nbsp;d\u011btmi 5-12 let | vesel\u00fd, recesn\u00ed, dobrodru\u017en\u00fd<br><\/strong><em>&#8211; voln\u011b inspirov\u00e1no dobrodru\u017en\u00fdmi romantick\u00fdmi filmy a jejich parodiemi<\/em><\/p>\n\n\n\n<p>Kdo z v\u00e1s by se necht\u011bl aspo\u0148 na chv\u00edli p\u0159en\u00e9st do doby, kdy mu\u017ei chodili v pevn\u00fdch vysok\u00fdch bot\u00e1ch, \u0161irok\u00fdch klobouc\u00edch a u pasu se jim houpal kord, kter\u00fd nev\u00e1hali pou\u017e\u00edt, kdy\u017e bylo jejich ego nebo \u010dest jejich vyvolen\u00e9 v jak\u00e9mkoliv ohro\u017een\u00ed. Byla to doba, kdy hrdinov\u00e9 dr\u017eeli sv\u00e9 slovo stejn\u011b pevn\u011b jako sv\u016fj me\u010d a d\u00e1my tou\u017eily padnout v p\u0159edst\u00edran\u00e9 mdlob\u011b pr\u00e1v\u011b do jejich n\u00e1ru\u010de\u2026<\/p>\n\n\n\n<p>\u017de si na nic takov\u00e9ho nepamatujete? \u017de snad takov\u00e1 doba ani nebyla? Hluboce se m\u00fdl\u00edte. \u0158\u00edkaj\u00ed v\u00e1m n\u011bco takov\u00e1 jm\u00e9na jako ZORO MSTITEL, FAN FAN TULIP\u00c1N, KOCOUR V BOT\u00c1CH nebo D\u2019ARTAGNAN a jeho mu\u0161ket\u00fd\u0159i? Ano? Tak to jste na spr\u00e1vn\u00e9 cest\u011b. Tito romanti\u010dt\u00ed gentlemani m\u011bli jedno spole\u010dn\u00e9. Krom\u011b odvahy a touhy po dobrodru\u017estv\u00ed dovedli mistrn\u011b zach\u00e1zet s kordem, kter\u00fd dovedl vy\u0159e\u0161it naprostou v\u011bt\u0161inu jejich p\u0159\u00edpadn\u00fdch probl\u00e9m\u016f.<br>P\u0159ijm\u011bte tedy pozv\u00e1n\u00ed na cestu do minulosti a pokusme se rozlu\u0161tit z\u00e1hadu zlat\u00e9ho kordu. Zbran\u011b, kter\u00e1 byla op\u0159edena tajemstv\u00edm a p\u0159ed\u00e1vala se mezi romantick\u00fdmi hrdiny z generace na generaci.<br>Tento turnus je ur\u010den pro d\u011bti a dosp\u011bl\u00e1ky, kte\u0159\u00ed tou\u017e\u00ed po dobrodru\u017estv\u00ed, neboj\u00ed se recese a cht\u011bj\u00ed se zasm\u00e1t.<br>Sou\u010d\u00e1st\u00ed programu pro dosp\u011bl\u00e1ky budou cyklistick\u00e9 v\u00fdlety po n\u00e1dhern\u00fdch Rychlebsk\u00fdch hor\u00e1ch. Doporu\u010dujme vz\u00edt kolo a p\u0159\u00edslu\u0161n\u00e9 vybaven\u00ed.<\/p>\n\n\n\n<div style=\"height:50px\" aria-hidden=\"true\" class=\"wp-block-spacer\"><\/div>\n\n\n\n<p><strong>V\u011bkov\u00e1 kategorie:<\/strong> dosp\u011bl\u00e1ci bez d\u011bt\u00ed, rodi\u010de s&nbsp;d\u011btmi 5-12 let<br><strong>M\u00edsto:<\/strong> T\u00e1bor \u010cern\u00fd Potok Velk\u00e1 Kra\u0161 u Vidnavy<br><strong>Doprava na t\u00e1bor:<\/strong> vlastn\u00ed<br><strong>Garant:<\/strong> Mgr. Roman Lipavsk\u00fd<br><strong>Cena:<\/strong> d\u011bti 4800,- K\u010d, rodi\u010de, dosp\u011bl\u00e1ci 5600,-K\u010d<br><strong>Cena zahrnuje:<\/strong><\/p>\n\n\n\n<ul class=\"wp-block-list\">\n<li>7 dn\u016f programu a her pod veden\u00edm \u0161kolen\u00fdch instruktor\u016f, tren\u00e9r\u016f a pedagogick\u00fdch pracovn\u00edk\u016f,<\/li>\n\n\n\n<li>Cyklistick\u00e9 vyj\u00ed\u017e\u010fky pro dosp\u011bl\u00e1ky s pr\u016fvodcem a instruktorem,<\/li>\n\n\n\n<li>Zaji\u0161t\u011bn\u00ed zdravotn\u00edho dozoru,<\/li>\n\n\n\n<li>Vstupy na koupali\u0161t\u011b (dle po\u010das\u00ed a programu),<\/li>\n\n\n\n<li>Ubytov\u00e1n\u00ed v d\u0159ev\u011bn\u00fdch chatk\u00e1ch pro ka\u017edou rodinu samostatn\u011b s prost\u011bradlem a povle\u010den\u00fdm pol\u0161t\u00e1\u0159em (vlastn\u00ed spac\u00e1k)<\/li>\n\n\n\n<li>Stravov\u00e1n\u00ed 5x denn\u011b,<\/li>\n\n\n\n<li>Celodenn\u00ed pitn\u00fd re\u017eim (\u010daj, \u0161\u0165\u00e1va)<\/li>\n\n\n\n<li>T\u00e1borov\u00e9 triko s potiskem p\u0159\u00edslu\u0161n\u00e9ho turnusu,<\/li>\n\n\n\n<li>Zap\u016fj\u010den\u00ed sportovn\u00edho vybaven\u00ed pro voln\u00fd \u010das \u00fa\u010dastn\u00edk\u016f,<\/li>\n\n\n\n<li>Poji\u0161t\u011bn\u00ed proti zp\u016fsoben\u00e9 \u0161kod\u011b v r\u00e1mci organizovan\u00e9ho programu.<\/li>\n<\/ul>\n\n\n\n<div style=\"height:50px\" aria-hidden=\"true\" class=\"wp-block-spacer\"><\/div>\n\n\n\n<div class=\"wp-block-columns is-layout-flex wp-container-core-columns-is-layout-9d6595d7 wp-block-columns-is-layout-flex\">\n<div class=\"wp-block-column is-layout-flow wp-block-column-is-layout-flow\" style=\"flex-basis:25%\"><\/div>\n\n\n\n<div class=\"wp-block-column is-layout-flow wp-block-column-is-layout-flow\" style=\"flex-basis:50%\"><\/div>\n\n\n\n<div class=\"wp-block-column is-layout-flow wp-block-column-is-layout-flow\" style=\"flex-basis:25%\"><\/div>\n<\/div>\n","protected":false},"excerpt":{"rendered":"<p>S KORDEM V RUCE 7.TURNUS | 7 DN\u016e | 25.-31.8. 2024 | dosp\u011bl\u00e1ci bez d\u011bt\u00ed, rodi\u010de s&nbsp;d\u011btmi 5-12 let | vesel\u00fd, recesn\u00ed, dobrodru\u017en\u00fd&#8211; voln\u011b inspirov\u00e1no dobrodru\u017en\u00fdmi romantick\u00fdmi filmy a jejich parodiemi Kdo z v\u00e1s by se necht\u011bl aspo\u0148 na chv\u00edli p\u0159en\u00e9st do doby, kdy mu\u017ei chodili v pevn\u00fdch vysok\u00fdch bot\u00e1ch, \u0161irok\u00fdch klobouc\u00edch a u pasu\u2026<\/p>\n","protected":false},"author":1,"featured_media":0,"parent":59,"menu_order":0,"comment_status":"closed","ping_status":"closed","template":"","meta":{"footnotes":""},"class_list":["post-9963","page","type-page","status-publish","hentry"],"yoast_head":"<!-- This site is optimized with the Yoast SEO plugin v26.5 - https:\/\/yoast.com\/wordpress\/plugins\/seo\/ -->\n<title>2024 S KORDEM V RUCE - D\u011btsk\u00fd T\u00e1bor \u010cern\u00fd Potok<\/title>\n<meta name=\"robots\" content=\"index, follow, max-snippet:-1, max-image-preview:large, max-video-preview:-1\" \/>\n<link rel=\"canonical\" href=\"https:\/\/www.taborcernypotok.cz\/detsky-tabor\/letni-tabor\/archiv-letnich-taboru\/2024-s-kordem-v-ruce\/\" \/>\n<meta property=\"og:locale\" content=\"cs_CZ\" \/>\n<meta property=\"og:type\" content=\"article\" \/>\n<meta property=\"og:title\" content=\"2024 S KORDEM V RUCE - D\u011btsk\u00fd T\u00e1bor \u010cern\u00fd Potok\" \/>\n<meta property=\"og:description\" content=\"S KORDEM V RUCE 7.TURNUS | 7 DN\u016e | 25.-31.8. 2024 | dosp\u011bl\u00e1ci bez d\u011bt\u00ed, rodi\u010de s&nbsp;d\u011btmi 5-12 let | vesel\u00fd, recesn\u00ed, dobrodru\u017en\u00fd&#8211; voln\u011b inspirov\u00e1no dobrodru\u017en\u00fdmi romantick\u00fdmi filmy a jejich parodiemi Kdo z v\u00e1s by se necht\u011bl aspo\u0148 na chv\u00edli p\u0159en\u00e9st do doby, kdy mu\u017ei chodili v pevn\u00fdch vysok\u00fdch bot\u00e1ch, \u0161irok\u00fdch klobouc\u00edch a u pasu\u2026\" \/>\n<meta property=\"og:url\" content=\"https:\/\/www.taborcernypotok.cz\/detsky-tabor\/letni-tabor\/archiv-letnich-taboru\/2024-s-kordem-v-ruce\/\" \/>\n<meta property=\"og:site_name\" content=\"D\u011btsk\u00fd T\u00e1bor \u010cern\u00fd Potok\" \/>\n<meta property=\"article:modified_time\" content=\"2025-05-26T19:45:01+00:00\" \/>\n<meta name=\"twitter:card\" content=\"summary_large_image\" \/>\n<meta name=\"twitter:label1\" content=\"Odhadovan\u00e1 doba \u010dten\u00ed\" \/>\n\t<meta name=\"twitter:data1\" content=\"2 minuty\" \/>\n<script type=\"application\/ld+json\" class=\"yoast-schema-graph\">{\"@context\":\"https:\/\/schema.org\",\"@graph\":[{\"@type\":\"WebPage\",\"@id\":\"https:\/\/www.taborcernypotok.cz\/detsky-tabor\/letni-tabor\/archiv-letnich-taboru\/2024-s-kordem-v-ruce\/\",\"url\":\"https:\/\/www.taborcernypotok.cz\/detsky-tabor\/letni-tabor\/archiv-letnich-taboru\/2024-s-kordem-v-ruce\/\",\"name\":\"2024 S KORDEM V RUCE - D\u011btsk\u00fd T\u00e1bor \u010cern\u00fd Potok\",\"isPartOf\":{\"@id\":\"https:\/\/www.taborcernypotok.cz\/detsky-tabor\/#website\"},\"datePublished\":\"2024-02-20T23:54:08+00:00\",\"dateModified\":\"2025-05-26T19:45:01+00:00\",\"breadcrumb\":{\"@id\":\"https:\/\/www.taborcernypotok.cz\/detsky-tabor\/letni-tabor\/archiv-letnich-taboru\/2024-s-kordem-v-ruce\/#breadcrumb\"},\"inLanguage\":\"cs\",\"potentialAction\":[{\"@type\":\"ReadAction\",\"target\":[\"https:\/\/www.taborcernypotok.cz\/detsky-tabor\/letni-tabor\/archiv-letnich-taboru\/2024-s-kordem-v-ruce\/\"]}]},{\"@type\":\"BreadcrumbList\",\"@id\":\"https:\/\/www.taborcernypotok.cz\/detsky-tabor\/letni-tabor\/archiv-letnich-taboru\/2024-s-kordem-v-ruce\/#breadcrumb\",\"itemListElement\":[{\"@type\":\"ListItem\",\"position\":1,\"name\":\"Dom\u016f\",\"item\":\"https:\/\/www.taborcernypotok.cz\/detsky-tabor\/\"},{\"@type\":\"ListItem\",\"position\":2,\"name\":\"Letn\u00ed t\u00e1bor\",\"item\":\"https:\/\/www.taborcernypotok.cz\/detsky-tabor\/letni-tabor\/\"},{\"@type\":\"ListItem\",\"position\":3,\"name\":\"Archiv letn\u00edch t\u00e1bor\u016f\",\"item\":\"https:\/\/www.taborcernypotok.cz\/detsky-tabor\/letni-tabor\/archiv-letnich-taboru\/\"},{\"@type\":\"ListItem\",\"position\":4,\"name\":\"2024 S KORDEM V RUCE\"}]},{\"@type\":\"WebSite\",\"@id\":\"https:\/\/www.taborcernypotok.cz\/detsky-tabor\/#website\",\"url\":\"https:\/\/www.taborcernypotok.cz\/detsky-tabor\/\",\"name\":\"D\u011btsk\u00fd T\u00e1bor \u010cern\u00fd Potok\",\"description\":\"D\u011btsk\u00e9 t\u00e1bory Rychlebsk\u00e9 Hory\",\"potentialAction\":[{\"@type\":\"SearchAction\",\"target\":{\"@type\":\"EntryPoint\",\"urlTemplate\":\"https:\/\/www.taborcernypotok.cz\/detsky-tabor\/?s={search_term_string}\"},\"query-input\":{\"@type\":\"PropertyValueSpecification\",\"valueRequired\":true,\"valueName\":\"search_term_string\"}}],\"inLanguage\":\"cs\"}]}<\/script>\n<!-- \/ Yoast SEO plugin. -->","yoast_head_json":{"title":"2024 S KORDEM V RUCE - D\u011btsk\u00fd T\u00e1bor \u010cern\u00fd Potok","robots":{"index":"index","follow":"follow","max-snippet":"max-snippet:-1","max-image-preview":"max-image-preview:large","max-video-preview":"max-video-preview:-1"},"canonical":"https:\/\/www.taborcernypotok.cz\/detsky-tabor\/letni-tabor\/archiv-letnich-taboru\/2024-s-kordem-v-ruce\/","og_locale":"cs_CZ","og_type":"article","og_title":"2024 S KORDEM V RUCE - D\u011btsk\u00fd T\u00e1bor \u010cern\u00fd Potok","og_description":"S KORDEM V RUCE 7.TURNUS | 7 DN\u016e | 25.-31.8. 2024 | dosp\u011bl\u00e1ci bez d\u011bt\u00ed, rodi\u010de s&nbsp;d\u011btmi 5-12 let | vesel\u00fd, recesn\u00ed, dobrodru\u017en\u00fd&#8211; voln\u011b inspirov\u00e1no dobrodru\u017en\u00fdmi romantick\u00fdmi filmy a jejich parodiemi Kdo z v\u00e1s by se necht\u011bl aspo\u0148 na chv\u00edli p\u0159en\u00e9st do doby, kdy mu\u017ei chodili v pevn\u00fdch vysok\u00fdch bot\u00e1ch, \u0161irok\u00fdch klobouc\u00edch a u pasu\u2026","og_url":"https:\/\/www.taborcernypotok.cz\/detsky-tabor\/letni-tabor\/archiv-letnich-taboru\/2024-s-kordem-v-ruce\/","og_site_name":"D\u011btsk\u00fd T\u00e1bor \u010cern\u00fd Potok","article_modified_time":"2025-05-26T19:45:01+00:00","twitter_card":"summary_large_image","twitter_misc":{"Odhadovan\u00e1 doba \u010dten\u00ed":"2 minuty"},"schema":{"@context":"https:\/\/schema.org","@graph":[{"@type":"WebPage","@id":"https:\/\/www.taborcernypotok.cz\/detsky-tabor\/letni-tabor\/archiv-letnich-taboru\/2024-s-kordem-v-ruce\/","url":"https:\/\/www.taborcernypotok.cz\/detsky-tabor\/letni-tabor\/archiv-letnich-taboru\/2024-s-kordem-v-ruce\/","name":"2024 S KORDEM V RUCE - D\u011btsk\u00fd T\u00e1bor \u010cern\u00fd Potok","isPartOf":{"@id":"https:\/\/www.taborcernypotok.cz\/detsky-tabor\/#website"},"datePublished":"2024-02-20T23:54:08+00:00","dateModified":"2025-05-26T19:45:01+00:00","breadcrumb":{"@id":"https:\/\/www.taborcernypotok.cz\/detsky-tabor\/letni-tabor\/archiv-letnich-taboru\/2024-s-kordem-v-ruce\/#breadcrumb"},"inLanguage":"cs","potentialAction":[{"@type":"ReadAction","target":["https:\/\/www.taborcernypotok.cz\/detsky-tabor\/letni-tabor\/archiv-letnich-taboru\/2024-s-kordem-v-ruce\/"]}]},{"@type":"BreadcrumbList","@id":"https:\/\/www.taborcernypotok.cz\/detsky-tabor\/letni-tabor\/archiv-letnich-taboru\/2024-s-kordem-v-ruce\/#breadcrumb","itemListElement":[{"@type":"ListItem","position":1,"name":"Dom\u016f","item":"https:\/\/www.taborcernypotok.cz\/detsky-tabor\/"},{"@type":"ListItem","position":2,"name":"Letn\u00ed t\u00e1bor","item":"https:\/\/www.taborcernypotok.cz\/detsky-tabor\/letni-tabor\/"},{"@type":"ListItem","position":3,"name":"Archiv letn\u00edch t\u00e1bor\u016f","item":"https:\/\/www.taborcernypotok.cz\/detsky-tabor\/letni-tabor\/archiv-letnich-taboru\/"},{"@type":"ListItem","position":4,"name":"2024 S KORDEM V RUCE"}]},{"@type":"WebSite","@id":"https:\/\/www.taborcernypotok.cz\/detsky-tabor\/#website","url":"https:\/\/www.taborcernypotok.cz\/detsky-tabor\/","name":"D\u011btsk\u00fd T\u00e1bor \u010cern\u00fd Potok","description":"D\u011btsk\u00e9 t\u00e1bory Rychlebsk\u00e9 Hory","potentialAction":[{"@type":"SearchAction","target":{"@type":"EntryPoint","urlTemplate":"https:\/\/www.taborcernypotok.cz\/detsky-tabor\/?s={search_term_string}"},"query-input":{"@type":"PropertyValueSpecification","valueRequired":true,"valueName":"search_term_string"}}],"inLanguage":"cs"}]}},"_links":{"self":[{"href":"https:\/\/www.taborcernypotok.cz\/detsky-tabor\/wp-json\/wp\/v2\/pages\/9963","targetHints":{"allow":["GET"]}}],"collection":[{"href":"https:\/\/www.taborcernypotok.cz\/detsky-tabor\/wp-json\/wp\/v2\/pages"}],"about":[{"href":"https:\/\/www.taborcernypotok.cz\/detsky-tabor\/wp-json\/wp\/v2\/types\/page"}],"author":[{"embeddable":true,"href":"https:\/\/www.taborcernypotok.cz\/detsky-tabor\/wp-json\/wp\/v2\/users\/1"}],"replies":[{"embeddable":true,"href":"https:\/\/www.taborcernypotok.cz\/detsky-tabor\/wp-json\/wp\/v2\/comments?post=9963"}],"version-history":[{"count":4,"href":"https:\/\/www.taborcernypotok.cz\/detsky-tabor\/wp-json\/wp\/v2\/pages\/9963\/revisions"}],"predecessor-version":[{"id":12039,"href":"https:\/\/www.taborcernypotok.cz\/detsky-tabor\/wp-json\/wp\/v2\/pages\/9963\/revisions\/12039"}],"up":[{"embeddable":true,"href":"https:\/\/www.taborcernypotok.cz\/detsky-tabor\/wp-json\/wp\/v2\/pages\/59"}],"wp:attachment":[{"href":"https:\/\/www.taborcernypotok.cz\/detsky-tabor\/wp-json\/wp\/v2\/media?parent=9963"}],"curies":[{"name":"wp","href":"https:\/\/api.w.org\/{rel}","templated":true}]}}